CRAN Package Check Results for Package mskcc.oncotree

Last updated on 2024-06-12 20:59:04 CEST.

Flavor Version Tinstall Tcheck Ttotal Status Flags
r-devel-linux-x86_64-debian-clang 0.1.1 4.22 40.08 44.30 OK
r-devel-linux-x86_64-debian-gcc 0.1.1 0.35 1.60 1.95 ERROR
r-devel-linux-x86_64-fedora-clang 0.1.1 56.40 OK
r-devel-linux-x86_64-fedora-gcc 0.1.1 52.74 OK
r-devel-windows-x86_64 0.1.1 4.00 51.00 55.00 OK
r-patched-linux-x86_64 0.1.1 4.45 37.78 42.23 OK
r-release-linux-x86_64 0.1.1 3.00 37.72 40.72 OK
r-release-macos-arm64 0.1.1 27.00 OK
r-release-macos-x86_64 0.1.1 32.00 OK
r-release-windows-x86_64 0.1.1 6.00 54.00 60.00 OK
r-oldrel-macos-arm64 0.1.1 73.00 OK
r-oldrel-macos-x86_64 0.1.1 28.00 OK
r-oldrel-windows-x86_64 0.1.1 7.00 59.00 66.00 OK

Check Details

Version: 0.1.1
Check: package dependencies
Result: ERROR Packages required but not available: 'dplyr', 'httr2', 'purrr', 'readr', 'tibble', 'tidyjson', 'tidyr' See section ‘The DESCRIPTION file’ in the ‘Writing R Extensions’ manual. Flavor: r-devel-linux-x86_64-debian-gcc