Last updated on 2023-11-29 18:48:53 CET.
Flavor | Version | Tinstall | Tcheck | Ttotal | Status | Flags |
---|---|---|---|---|---|---|
r-devel-linux-x86_64-debian-clang | 0.1.1 | 20.57 | 266.44 | 287.01 | NOTE | |
r-devel-linux-x86_64-debian-gcc | 0.1.1 | 17.41 | 191.38 | 208.79 | NOTE | |
r-devel-linux-x86_64-fedora-clang | 0.1.1 | 346.37 | NOTE | |||
r-devel-linux-x86_64-fedora-gcc | 0.1.1 | 336.85 | NOTE | |||
r-devel-windows-x86_64 | 0.1.1 | 20.00 | 199.00 | 219.00 | NOTE | |
r-patched-linux-x86_64 | 0.1.1 | 28.69 | 241.73 | 270.42 | NOTE | |
r-release-linux-x86_64 | 0.1.1 | 16.21 | 241.03 | 257.24 | NOTE | |
r-release-macos-arm64 | 0.1.1 | 110.00 | NOTE | |||
r-release-macos-x86_64 | 0.1.1 | 174.00 | NOTE | |||
r-release-windows-x86_64 | 0.1.1 | 26.00 | 249.00 | 275.00 | NOTE | |
r-oldrel-macos-arm64 | 0.1.1 | 106.00 | NOTE | |||
r-oldrel-macos-x86_64 | 0.1.1 | 155.00 | NOTE | |||
r-oldrel-windows-x86_64 | 0.1.1 | 27.00 | 246.00 | 273.00 | NOTE |
Version: 0.1.1
Check: LazyData
Result: NOTE
'LazyData' is specified without a 'data' directory
Flavors: r-devel-linux-x86_64-debian-clang, r-devel-linux-x86_64-debian-gcc, r-devel-linux-x86_64-fedora-clang, r-devel-linux-x86_64-fedora-gcc, r-devel-windows-x86_64, r-patched-linux-x86_64, r-release-linux-x86_64, r-release-macos-arm64, r-release-macos-x86_64, r-release-windows-x86_64, r-oldrel-macos-arm64, r-oldrel-macos-x86_64, r-oldrel-windows-x86_64