Last updated on 2023-11-29 18:48:54 CET.
Flavor | Version | Tinstall | Tcheck | Ttotal | Status | Flags |
---|---|---|---|---|---|---|
r-devel-linux-x86_64-debian-clang | 2.0.3 | 316.55 | 101.83 | 418.38 | OK | |
r-devel-linux-x86_64-debian-gcc | 2.0.3 | 210.10 | 75.58 | 285.68 | OK | |
r-devel-linux-x86_64-fedora-clang | 2.0.3 | 616.75 | OK | |||
r-devel-linux-x86_64-fedora-gcc | 2.0.3 | 653.86 | OK | |||
r-devel-windows-x86_64 | 2.0.3 | 220.00 | 131.00 | 351.00 | OK | |
r-patched-linux-x86_64 | 2.0.3 | 239.95 | 95.11 | 335.06 | OK | |
r-release-linux-x86_64 | 2.0.3 | 188.40 | 94.98 | 283.38 | OK | |
r-release-macos-arm64 | 2.0.3 | 124.00 | NOTE | |||
r-release-macos-x86_64 | 2.0.3 | 181.00 | NOTE | |||
r-release-windows-x86_64 | 2.0.3 | 314.00 | 144.00 | 458.00 | OK | |
r-oldrel-macos-arm64 | 2.0.3 | 126.00 | NOTE | |||
r-oldrel-macos-x86_64 | 2.0.3 | 166.00 | NOTE | |||
r-oldrel-windows-x86_64 | 2.0.3 | 287.00 | 140.00 | 427.00 | OK |
Version: 2.0.3
Check: installed package size
Result: NOTE
installed size is 13.2Mb
sub-directories of 1Mb or more:
libs 11.9Mb
Flavors: r-release-macos-arm64, r-release-macos-x86_64, r-oldrel-macos-arm64, r-oldrel-macos-x86_64