Last updated on 2023-12-06 18:52:51 CET.
Flavor | Version | Tinstall | Tcheck | Ttotal | Status | Flags |
---|---|---|---|---|---|---|
r-devel-linux-x86_64-debian-clang | 0.1.0 | 13.48 | 137.80 | 151.28 | NOTE | |
r-devel-linux-x86_64-debian-gcc | 0.1.0 | 11.18 | 105.47 | 116.65 | NOTE | |
r-devel-linux-x86_64-fedora-clang | 0.1.0 | 186.54 | OK | |||
r-devel-linux-x86_64-fedora-gcc | 0.1.0 | 189.92 | OK | |||
r-devel-windows-x86_64 | 0.1.0 | 14.00 | 122.00 | 136.00 | OK | |
r-patched-linux-x86_64 | 0.1.0 | 11.85 | 130.57 | 142.42 | OK | |
r-release-linux-x86_64 | 0.1.0 | 10.96 | 132.10 | 143.06 | OK | |
r-release-macos-arm64 | 0.1.0 | 67.00 | OK | |||
r-release-macos-x86_64 | 0.1.0 | 102.00 | OK | |||
r-release-windows-x86_64 | 0.1.0 | 19.00 | 150.00 | 169.00 | OK | |
r-oldrel-macos-arm64 | 0.1.0 | 76.00 | OK | |||
r-oldrel-macos-x86_64 | 0.1.0 | 77.00 | OK | |||
r-oldrel-windows-x86_64 | 0.1.0 | 20.00 | 158.00 | 178.00 | OK |
Version: 0.1.0
Check: Rd files
Result: NOTE
checkRd: (-1) hurricane.Rd:47-48: Lost braces
47 | \doi{10.1073/pnas.1402786111}{Female hurricanes are
| ^
checkRd: (-1) hurricane.Rd:55: Lost braces
55 | \doi{10.1038/s41562-020-0912-z}{Specification curve analysis}
| ^
checkRd: (-1) soccer.Rd:67: Lost braces; missing escapes or markup?
67 | {rater1} and {rater2}, and the 5-point scale values were
| ^
checkRd: (-1) soccer.Rd:67: Lost braces; missing escapes or markup?
67 | {rater1} and {rater2}, and the 5-point scale values were
| ^
Flavors: r-devel-linux-x86_64-debian-clang, r-devel-linux-x86_64-debian-gcc