CRAN Package Check Results for Package mverse

Last updated on 2024-06-13 20:49:18 CEST.

Flavor Version Tinstall Tcheck Ttotal Status Flags
r-devel-linux-x86_64-debian-clang 0.1.0 11.75 147.75 159.50 NOTE
r-devel-linux-x86_64-debian-gcc 0.1.0 0.48 1.75 2.23 ERROR
r-devel-linux-x86_64-fedora-clang 0.1.0 207.00 NOTE
r-devel-linux-x86_64-fedora-gcc 0.1.0 204.73 NOTE
r-devel-windows-x86_64 0.1.0 12.00 123.00 135.00 NOTE
r-patched-linux-x86_64 0.1.0 11.67 139.15 150.82 NOTE
r-release-linux-x86_64 0.1.0 9.72 139.20 148.92 NOTE
r-release-macos-arm64 0.1.0 69.00 NOTE
r-release-macos-x86_64 0.1.0 103.00 NOTE
r-release-windows-x86_64 0.1.0 14.00 132.00 146.00 NOTE
r-oldrel-macos-arm64 0.1.0 67.00 OK
r-oldrel-macos-x86_64 0.1.0 102.00 OK
r-oldrel-windows-x86_64 0.1.0 19.00 151.00 170.00 OK

Check Details

Version: 0.1.0
Check: Rd files
Result: NOTE checkRd: (-1) hurricane.Rd:47-48: Lost braces 47 | \doi{10.1073/pnas.1402786111}{Female hurricanes are | ^ checkRd: (-1) hurricane.Rd:55: Lost braces 55 | \doi{10.1038/s41562-020-0912-z}{Specification curve analysis} | ^ checkRd: (-1) soccer.Rd:67: Lost braces; missing escapes or markup? 67 | {rater1} and {rater2}, and the 5-point scale values were | ^ checkRd: (-1) soccer.Rd:67: Lost braces; missing escapes or markup? 67 | {rater1} and {rater2}, and the 5-point scale values were | ^ Flavors: r-devel-linux-x86_64-debian-clang, r-devel-linux-x86_64-fedora-clang, r-devel-linux-x86_64-fedora-gcc, r-devel-windows-x86_64, r-patched-linux-x86_64, r-release-linux-x86_64, r-release-macos-arm64, r-release-macos-x86_64, r-release-windows-x86_64

Version: 0.1.0
Check: package dependencies
Result: ERROR Packages required but not available: 'multiverse', 'dplyr', 'tidyr', 'tidyselect', 'stringr', 'broom', 'igraph', 'ggraph', 'ggplot2', 'cowplot' Packages suggested but not available for checking: 'tidyverse', 'testthat', 'pkgdown', 'kableExtra' See section ‘The DESCRIPTION file’ in the ‘Writing R Extensions’ manual. Flavor: r-devel-linux-x86_64-debian-gcc