Last updated on 2023-12-08 18:55:42 CET.
Flavor | Version | Tinstall | Tcheck | Ttotal | Status | Flags |
---|---|---|---|---|---|---|
r-devel-linux-x86_64-debian-clang | 1.0.3 | 4.73 | 58.64 | 63.37 | OK | |
r-devel-linux-x86_64-debian-gcc | 1.0.3 | 4.08 | 43.74 | 47.82 | OK | |
r-devel-linux-x86_64-fedora-clang | 1.0.3 | 78.43 | NOTE | |||
r-devel-linux-x86_64-fedora-gcc | 1.0.3 | 75.05 | OK | |||
r-devel-windows-x86_64 | 1.0.3 | 5.00 | 72.00 | 77.00 | OK | |
r-patched-linux-x86_64 | 1.0.3 | 7.68 | 57.99 | 65.67 | OK | |
r-release-linux-x86_64 | 1.0.3 | 4.20 | 57.41 | 61.61 | OK | |
r-release-macos-arm64 | 1.0.3 | 28.00 | OK | |||
r-release-macos-x86_64 | 1.0.3 | 42.00 | OK | |||
r-release-windows-x86_64 | 1.0.3 | 6.00 | 80.00 | 86.00 | OK | |
r-oldrel-macos-arm64 | 1.0.3 | 27.00 | OK | |||
r-oldrel-macos-x86_64 | 1.0.3 | 32.00 | OK | |||
r-oldrel-windows-x86_64 | 1.0.3 | 6.00 | 82.00 | 88.00 | OK |
Version: 1.0.3
Check: Rd cross-references
Result: NOTE
Undeclared package ‘dosresmeta’ in Rd xrefs
Flavor: r-devel-linux-x86_64-fedora-clang