Last updated on 2023-12-04 18:52:22 CET.
Flavor | Version | Tinstall | Tcheck | Ttotal | Status | Flags |
---|---|---|---|---|---|---|
r-devel-linux-x86_64-debian-clang | 0.1.1 | 11.52 | 84.99 | 96.51 | NOTE | |
r-devel-linux-x86_64-debian-gcc | 0.1.1 | 9.86 | 65.43 | 75.29 | NOTE | |
r-devel-linux-x86_64-fedora-clang | 0.1.1 | 120.70 | NOTE | |||
r-devel-linux-x86_64-fedora-gcc | 0.1.1 | 115.22 | NOTE | |||
r-devel-windows-x86_64 | 0.1.1 | 11.00 | 83.00 | 94.00 | NOTE | |
r-patched-linux-x86_64 | 0.1.1 | 9.94 | 83.27 | 93.21 | OK | |
r-release-linux-x86_64 | 0.1.1 | 9.71 | 83.74 | 93.45 | OK | |
r-release-macos-arm64 | 0.1.1 | 39.00 | OK | |||
r-release-macos-x86_64 | 0.1.1 | 65.00 | OK | |||
r-release-windows-x86_64 | 0.1.1 | 14.00 | 96.00 | 110.00 | OK | |
r-oldrel-macos-arm64 | 0.1.1 | 36.00 | NOTE | |||
r-oldrel-macos-x86_64 | 0.1.1 | 50.00 | NOTE | |||
r-oldrel-windows-x86_64 | 0.1.1 | 15.00 | 98.00 | 113.00 | OK |
Version: 0.1.1
Check: Rd \usage sections
Result: NOTE
Documented arguments not in \usage in Rd file 'Moth.Rd':
‘delta.ident’
Functions with \usage entries need to have the appropriate \alias
entries, and all their arguments documented.
The \usage entries must correspond to syntactically valid R code.
See chapter ‘Writing R documentation files’ in the ‘Writing R
Extensions’ manual.
Flavors: r-devel-linux-x86_64-debian-clang, r-devel-linux-x86_64-debian-gcc, r-devel-linux-x86_64-fedora-clang, r-devel-linux-x86_64-fedora-gcc, r-devel-windows-x86_64
Version: 0.1.1
Check: dependencies in R code
Result: NOTE
Namespaces in Imports field not imported from:
‘Deriv’ ‘compiler’ ‘stringi’
All declared Imports should be used.
Flavors: r-devel-linux-x86_64-fedora-clang, r-devel-linux-x86_64-fedora-gcc, r-oldrel-macos-arm64, r-oldrel-macos-x86_64