CRAN Package Check Results for Package nJira

Last updated on 2024-04-12 20:51:31 CEST.

Flavor Version Tinstall Tcheck Ttotal Status Flags
r-devel-linux-x86_64-debian-clang 0.1.1 2.73 34.39 37.12 NOTE
r-devel-linux-x86_64-debian-gcc 0.1.1 2.77 25.93 28.70 NOTE
r-devel-linux-x86_64-fedora-clang 0.1.1 46.03 NOTE
r-devel-linux-x86_64-fedora-gcc 0.1.1 45.08 NOTE
r-devel-windows-x86_64 0.1.1 5.00 53.00 58.00 NOTE
r-patched-linux-x86_64 0.1.1 4.30 32.86 37.16 NOTE
r-release-linux-x86_64 0.1.1 3.64 33.56 37.20 NOTE
r-release-macos-arm64 0.1.1 24.00 NOTE
r-release-macos-x86_64 0.1.1 33.00 NOTE
r-release-windows-x86_64 0.1.1 5.00 54.00 59.00 NOTE
r-oldrel-macos-arm64 0.1.1 23.00 NOTE
r-oldrel-windows-x86_64 0.1.1 5.00 59.00 64.00 NOTE

Check Details

Version: 0.1.1
Check: LazyData
Result: NOTE 'LazyData' is specified without a 'data' directory Flavors: r-devel-linux-x86_64-debian-clang, r-devel-linux-x86_64-debian-gcc, r-devel-linux-x86_64-fedora-clang, r-devel-linux-x86_64-fedora-gcc, r-devel-windows-x86_64, r-patched-linux-x86_64, r-release-linux-x86_64, r-release-macos-arm64, r-release-macos-x86_64, r-release-windows-x86_64, r-oldrel-macos-arm64, r-oldrel-windows-x86_64

Version: 0.1.1
Check: dependencies in R code
Result: NOTE Namespace in Imports field not imported from: ‘rjson’ All declared Imports should be used. Flavors: r-devel-linux-x86_64-fedora-clang, r-devel-linux-x86_64-fedora-gcc, r-oldrel-macos-arm64