Last updated on 2023-12-01 18:51:07 CET.
Flavor | Version | Tinstall | Tcheck | Ttotal | Status | Flags |
---|---|---|---|---|---|---|
r-devel-linux-x86_64-debian-clang | 1.0.0 | 10.21 | 171.53 | 181.74 | NOTE | |
r-devel-linux-x86_64-debian-gcc | 1.0.0 | 7.27 | 129.59 | 136.86 | NOTE | |
r-devel-linux-x86_64-fedora-clang | 1.0.0 | 221.64 | OK | |||
r-devel-linux-x86_64-fedora-gcc | 1.0.0 | 224.08 | OK | |||
r-devel-windows-x86_64 | 1.0.0 | 9.00 | 161.00 | 170.00 | OK | |
r-patched-linux-x86_64 | 1.0.0 | 8.13 | 165.77 | 173.90 | OK | |
r-release-linux-x86_64 | 1.0.0 | 5.67 | 161.38 | 167.05 | OK | |
r-release-macos-arm64 | 1.0.0 | 81.00 | OK | |||
r-release-macos-x86_64 | 1.0.0 | 126.00 | OK | |||
r-release-windows-x86_64 | 1.0.0 | 12.00 | 200.00 | 212.00 | OK | |
r-oldrel-macos-arm64 | 1.0.0 | 73.00 | OK | |||
r-oldrel-macos-x86_64 | 1.0.0 | 105.00 | OK | |||
r-oldrel-windows-x86_64 | 1.0.0 | 13.00 | 196.00 | 209.00 | OK |
Version: 1.0.0
Check: Rd files
Result: NOTE
checkRd: (-1) mcar_test.Rd:28: Lost braces; missing escapes or markup?
28 | Code is adapted from LittleMCAR() in the now-orphaned {BaylorEdPsych}
| ^
checkRd: (-1) mcar_test.Rd:31: Lost braces; missing escapes or markup?
31 | using Maximum likelihood estimation from {norm}.
| ^
Flavors: r-devel-linux-x86_64-debian-clang, r-devel-linux-x86_64-debian-gcc