CRAN Package Check Results for Package nardl

Last updated on 2024-04-23 20:52:11 CEST.

Flavor Version Tinstall Tcheck Ttotal Status Flags
r-devel-linux-x86_64-debian-clang 0.1.6 5.21 46.29 51.50 NOTE
r-devel-linux-x86_64-debian-gcc 0.1.6 5.49 34.11 39.60 NOTE
r-devel-linux-x86_64-fedora-clang 0.1.6 65.54 NOTE
r-devel-linux-x86_64-fedora-gcc 0.1.6 61.61 NOTE
r-prerel-macos-arm64 0.1.6 23.00 NOTE
r-prerel-windows-x86_64 0.1.6 7.00 53.00 60.00 NOTE
r-patched-linux-x86_64 0.1.6 5.43 43.44 48.87 NOTE
r-release-linux-x86_64 0.1.6 5.73 44.10 49.83 OK
r-release-macos-arm64 0.1.6 26.00 OK
r-release-macos-x86_64 0.1.6 32.00 OK
r-release-windows-x86_64 0.1.6 9.00 59.00 68.00 OK
r-oldrel-macos-arm64 0.1.6 22.00 OK
r-oldrel-windows-x86_64 0.1.6 9.00 62.00 71.00 OK

Check Details

Version: 0.1.6
Check: Rd files
Result: NOTE checkRd: (-1) fod.Rd:12: Lost braces in \itemize; meant \describe ? checkRd: (-1) fod.Rd:13: Lost braces in \itemize; meant \describe ? checkRd: (-1) fod.Rd:14: Lost braces in \itemize; meant \describe ? Flavors: r-devel-linux-x86_64-debian-clang, r-devel-linux-x86_64-debian-gcc, r-devel-linux-x86_64-fedora-clang, r-devel-linux-x86_64-fedora-gcc, r-prerel-macos-arm64, r-prerel-windows-x86_64, r-patched-linux-x86_64