CRAN Package Check Results for Package natmanager

Last updated on 2024-06-13 20:49:18 CEST.

Flavor Version Tinstall Tcheck Ttotal Status Flags
r-devel-linux-x86_64-debian-clang 0.5.1 4.65 36.86 41.51 OK
r-devel-linux-x86_64-debian-gcc 0.5.1 0.34 1.56 1.90 ERROR
r-devel-linux-x86_64-fedora-clang 0.5.1 51.44 OK
r-devel-linux-x86_64-fedora-gcc 0.5.1 48.26 OK
r-devel-windows-x86_64 0.5.1 4.00 47.00 51.00 OK
r-patched-linux-x86_64 0.5.1 7.54 34.68 42.22 OK
r-release-linux-x86_64 0.5.1 3.73 35.30 39.03 OK
r-release-macos-arm64 0.5.1 22.00 OK
r-release-macos-x86_64 0.5.1 27.00 OK
r-release-windows-x86_64 0.5.1 5.00 50.00 55.00 OK
r-oldrel-macos-arm64 0.5.1 20.00 OK
r-oldrel-macos-x86_64 0.5.1 33.00 OK
r-oldrel-windows-x86_64 0.5.1 5.00 53.00 58.00 OK

Check Details

Version: 0.5.1
Check: package dependencies
Result: ERROR Packages required but not available: 'gh', 'usethis' Packages suggested but not available for checking: 'testthat', 'mockery' See section ‘The DESCRIPTION file’ in the ‘Writing R Extensions’ manual. Flavor: r-devel-linux-x86_64-debian-gcc