CRAN Package Check Results for Package navigation

Last updated on 2024-04-16 20:50:42 CEST.

Flavor Version Tinstall Tcheck Ttotal Status Flags
r-devel-linux-x86_64-debian-clang 0.0.1 93.36 201.22 294.58 NOTE
r-devel-linux-x86_64-debian-gcc 0.0.1 70.35 154.63 224.98 NOTE
r-devel-linux-x86_64-fedora-clang 0.0.1 387.64 NOTE
r-devel-linux-x86_64-fedora-gcc 0.0.1 397.82 NOTE
r-prerel-macos-arm64 0.0.1 107.00 NOTE
r-prerel-windows-x86_64 0.0.1 72.00 182.00 254.00 NOTE
r-patched-linux-x86_64 0.0.1 67.88 195.33 263.21 NOTE
r-release-linux-x86_64 0.0.1 66.93 202.03 268.96 NOTE
r-release-macos-arm64 0.0.1 98.00 NOTE
r-release-macos-x86_64 0.0.1 204.00 NOTE
r-release-windows-x86_64 0.0.1 97.00 230.00 327.00 NOTE
r-oldrel-macos-arm64 0.0.1 94.00 NOTE
r-oldrel-windows-x86_64 0.0.1 91.00 214.00 305.00 NOTE

Check Details

Version: 0.0.1
Check: for GNU extensions in Makefiles
Result: NOTE GNU make is a SystemRequirements. Flavors: r-devel-linux-x86_64-debian-clang, r-devel-linux-x86_64-debian-gcc, r-devel-linux-x86_64-fedora-clang, r-devel-linux-x86_64-fedora-gcc, r-prerel-macos-arm64, r-prerel-windows-x86_64, r-patched-linux-x86_64, r-release-linux-x86_64, r-release-macos-arm64, r-release-macos-x86_64, r-release-windows-x86_64, r-oldrel-macos-arm64, r-oldrel-windows-x86_64

Version: 0.0.1
Check: installed package size
Result: NOTE installed size is 9.0Mb sub-directories of 1Mb or more: data 1.5Mb doc 6.5Mb Flavors: r-devel-linux-x86_64-fedora-clang, r-prerel-macos-arm64, r-prerel-windows-x86_64, r-release-macos-arm64, r-release-macos-x86_64, r-release-windows-x86_64, r-oldrel-macos-arm64, r-oldrel-windows-x86_64