CRAN Package Check Results for Package neatStats

Last updated on 2024-06-13 20:49:18 CEST.

Flavor Version Tinstall Tcheck Ttotal Status Flags
r-devel-linux-x86_64-debian-clang 1.13.3 12.05 107.43 119.48 NOTE
r-devel-linux-x86_64-debian-gcc 1.13.3 0.37 1.89 2.26 ERROR
r-devel-linux-x86_64-fedora-clang 1.13.3 147.55 NOTE
r-devel-linux-x86_64-fedora-gcc 1.13.3 149.95 NOTE
r-devel-windows-x86_64 1.13.3 10.00 99.00 109.00 NOTE
r-patched-linux-x86_64 1.13.3 21.70 100.51 122.21 NOTE
r-release-linux-x86_64 1.13.3 12.05 98.33 110.38 NOTE
r-release-macos-arm64 1.13.3 52.00 NOTE
r-release-macos-x86_64 1.13.3 67.00 NOTE
r-release-windows-x86_64 1.13.3 12.00 99.00 111.00 NOTE
r-oldrel-macos-arm64 1.13.3 48.00 OK
r-oldrel-macos-x86_64 1.13.3 67.00 OK
r-oldrel-windows-x86_64 1.13.3 15.00 117.00 132.00 OK

Check Details

Version: 1.13.3
Check: Rd files
Result: NOTE checkRd: (-1) norm_tests.Rd:69: Lost braces 69 | Anderson-Darling test." See url{https://github.com/Lakens/perfect-t-test} for | ^ checkRd: (-1) t_neat.Rd:243: Lost braces 243 | Anderson-Darling test." See url{https://github.com/Lakens/perfect-t-test} for | ^ Flavors: r-devel-linux-x86_64-debian-clang, r-devel-linux-x86_64-fedora-clang, r-devel-linux-x86_64-fedora-gcc, r-devel-windows-x86_64, r-patched-linux-x86_64, r-release-linux-x86_64, r-release-macos-arm64, r-release-macos-x86_64, r-release-windows-x86_64

Version: 1.13.3
Check: package dependencies
Result: ERROR Packages required but not available: 'viridis', 'MBESS', 'car', 'ez', 'BayesFactor', 'ggplot2', 'ggpubr' See section ‘The DESCRIPTION file’ in the ‘Writing R Extensions’ manual. Flavor: r-devel-linux-x86_64-debian-gcc