Last updated on 2023-11-30 18:49:37 CET.
Flavor | Version | Tinstall | Tcheck | Ttotal | Status | Flags |
---|---|---|---|---|---|---|
r-devel-linux-x86_64-debian-clang | 0.3.5 | 48.80 | 534.04 | 582.84 | NOTE | |
r-devel-linux-x86_64-debian-gcc | 0.3.5 | 40.18 | 392.59 | 432.77 | NOTE | |
r-devel-linux-x86_64-fedora-clang | 0.3.5 | 668.81 | OK | |||
r-devel-linux-x86_64-fedora-gcc | 0.3.5 | 721.90 | OK | |||
r-devel-windows-x86_64 | 0.3.5 | 42.00 | 385.00 | 427.00 | OK | |
r-patched-linux-x86_64 | 0.3.5 | 45.28 | 508.56 | 553.84 | OK | |
r-release-linux-x86_64 | 0.3.5 | 33.06 | 501.39 | 534.45 | OK | |
r-release-macos-arm64 | 0.3.5 | 190.00 | OK | |||
r-release-macos-x86_64 | 0.3.5 | 436.00 | OK | |||
r-release-windows-x86_64 | 0.3.5 | 56.00 | 484.00 | 540.00 | OK | |
r-oldrel-macos-arm64 | 0.3.5 | 127.00 | OK | |||
r-oldrel-macos-x86_64 | 0.3.5 | 214.00 | OK | |||
r-oldrel-windows-x86_64 | 0.3.5 | 55.00 | 422.00 | 477.00 | OK |
Version: 0.3.5
Check: Rd files
Result: NOTE
checkRd: (-1) mcrPlot.Rd:42-44: Lost braces in \itemize; \value handles \item{}{} directly
checkRd: (-1) mcrPlot.Rd:45-47: Lost braces in \itemize; \value handles \item{}{} directly
Flavors: r-devel-linux-x86_64-debian-clang, r-devel-linux-x86_64-debian-gcc