Last updated on 2023-12-06 18:52:52 CET.
Flavor | Version | Tinstall | Tcheck | Ttotal | Status | Flags |
---|---|---|---|---|---|---|
r-devel-linux-x86_64-debian-clang | 2.6 | 49.18 | 306.71 | 355.89 | NOTE | |
r-devel-linux-x86_64-debian-gcc | 2.6 | 32.01 | 219.09 | 251.10 | NOTE | |
r-devel-linux-x86_64-fedora-clang | 2.6 | 435.96 | NOTE | |||
r-devel-linux-x86_64-fedora-gcc | 2.6 | 423.26 | NOTE | |||
r-devel-windows-x86_64 | 2.6 | 35.00 | 230.00 | 265.00 | NOTE | |
r-patched-linux-x86_64 | 2.6 | 28.80 | 301.44 | 330.24 | NOTE | |
r-release-linux-x86_64 | 2.6 | 31.16 | 303.62 | 334.78 | NOTE | |
r-release-macos-arm64 | 2.6 | 114.00 | NOTE | |||
r-release-macos-x86_64 | 2.6 | 194.00 | NOTE | |||
r-release-windows-x86_64 | 2.6 | 49.00 | 299.00 | 348.00 | NOTE | |
r-oldrel-macos-arm64 | 2.6 | 87.00 | OK | |||
r-oldrel-macos-x86_64 | 2.6 | 148.00 | OK | |||
r-oldrel-windows-x86_64 | 2.6 | 48.00 | 306.00 | 354.00 | OK |
Version: 2.6
Check: C++ specification
Result: NOTE
Specified C++11: please drop specification unless essential
Flavors: r-devel-linux-x86_64-debian-clang, r-devel-linux-x86_64-debian-gcc, r-devel-linux-x86_64-fedora-clang, r-devel-linux-x86_64-fedora-gcc, r-devel-windows-x86_64, r-patched-linux-x86_64, r-release-linux-x86_64, r-release-macos-arm64, r-release-macos-x86_64, r-release-windows-x86_64