CRAN Package Check Results for Package nloptr

Last updated on 2024-02-22 18:50:32 CET.

Flavor Version Tinstall Tcheck Ttotal Status Flags
r-devel-linux-x86_64-debian-clang 2.0.3 NOTE
r-devel-linux-x86_64-debian-gcc 2.0.3 23.91 37.24 61.15 NOTE
r-devel-linux-x86_64-fedora-clang 2.0.3 100.43 NOTE
r-devel-linux-x86_64-fedora-gcc 2.0.3 120.16 NOTE
r-devel-windows-x86_64 2.0.3 27.00 97.00 124.00 NOTE
r-patched-linux-x86_64 2.0.3 21.93 47.20 69.13 NOTE
r-release-linux-x86_64 2.0.3 22.71 46.84 69.55 NOTE
r-release-macos-arm64 2.0.3 54.00 NOTE
r-release-macos-x86_64 2.0.3 83.00 NOTE
r-release-windows-x86_64 2.0.3 34.00 110.00 144.00 NOTE
r-oldrel-macos-arm64 2.0.3 53.00 NOTE
r-oldrel-windows-x86_64 2.0.3 31.00 95.00 126.00 OK

Check Details

Version: 2.0.3
Check: C++ specification
Result: NOTE Specified C++11: please drop specification unless essential Flavors: r-devel-linux-x86_64-debian-clang, r-devel-linux-x86_64-debian-gcc, r-devel-linux-x86_64-fedora-clang, r-devel-linux-x86_64-fedora-gcc, r-devel-windows-x86_64, r-patched-linux-x86_64, r-release-linux-x86_64, r-release-macos-arm64, r-release-macos-x86_64, r-release-windows-x86_64

Version: 2.0.3
Check: installed package size
Result: NOTE installed size is 6.5Mb sub-directories of 1Mb or more: libs 6.1Mb Flavors: r-release-macos-arm64, r-release-macos-x86_64, r-oldrel-macos-arm64