Last updated on 2023-12-05 18:49:31 CET.
Flavor | Version | Tinstall | Tcheck | Ttotal | Status | Flags |
---|---|---|---|---|---|---|
r-devel-linux-x86_64-debian-clang | 0.8-1 | 4.87 | 53.91 | 58.78 | NOTE | |
r-devel-linux-x86_64-debian-gcc | 0.8-1 | 5.62 | 41.71 | 47.33 | NOTE | |
r-devel-linux-x86_64-fedora-clang | 0.8-1 | 76.15 | OK | |||
r-devel-linux-x86_64-fedora-gcc | 0.8-1 | 72.84 | OK | |||
r-devel-windows-x86_64 | 0.8-1 | 7.00 | 61.00 | 68.00 | OK | |
r-patched-linux-x86_64 | 0.8-1 | 6.16 | 53.55 | 59.71 | OK | |
r-release-linux-x86_64 | 0.8-1 | 6.91 | 53.23 | 60.14 | OK | |
r-release-macos-arm64 | 0.8-1 | 28.00 | OK | |||
r-release-macos-x86_64 | 0.8-1 | 58.00 | OK | |||
r-release-windows-x86_64 | 0.8-1 | 8.00 | 69.00 | 77.00 | OK | |
r-oldrel-macos-arm64 | 0.8-1 | 29.00 | OK | |||
r-oldrel-macos-x86_64 | 0.8-1 | 42.00 | OK | |||
r-oldrel-windows-x86_64 | 0.8-1 | 8.00 | 73.00 | 81.00 | OK |
Version: 0.8-1
Check: Rd files
Result: NOTE
checkRd: (-1) anova.Rd:19: Lost braces
19 | Returns an object of class code{anova}. These objects represent
| ^
Flavors: r-devel-linux-x86_64-debian-clang, r-devel-linux-x86_64-debian-gcc