Last updated on 2023-12-07 18:49:35 CET.
Flavor | Version | Tinstall | Tcheck | Ttotal | Status | Flags |
---|---|---|---|---|---|---|
r-devel-linux-x86_64-debian-clang | 1.4.5 | 19.80 | 68.78 | 88.58 | OK | |
r-devel-linux-x86_64-debian-gcc | 1.4.5 | 13.05 | 53.22 | 66.27 | OK | |
r-devel-linux-x86_64-fedora-clang | 1.4.5 | 96.91 | OK | |||
r-devel-linux-x86_64-fedora-gcc | 1.4.5 | 81.58 | OK | |||
r-devel-windows-x86_64 | 1.4.5 | 22.00 | 88.00 | 110.00 | OK | |
r-patched-linux-x86_64 | 1.4.5 | 15.67 | 67.78 | 83.45 | OK | |
r-release-linux-x86_64 | 1.4.4 | 17.51 | 66.86 | 84.37 | NOTE | |
r-release-macos-arm64 | 1.4.5 | 38.00 | OK | |||
r-release-macos-x86_64 | 1.4.5 | 62.00 | OK | |||
r-release-windows-x86_64 | 1.4.5 | 22.00 | 105.00 | 127.00 | OK | |
r-oldrel-macos-arm64 | 1.4.5 | 37.00 | OK | |||
r-oldrel-macos-x86_64 | 1.4.4 | 48.00 | OK | |||
r-oldrel-windows-x86_64 | 1.4.4 | 22.00 | 117.00 | 139.00 | OK |
Version: 1.4.4
Check: Rd files
Result: NOTE
checkRd: (-1) nltm.control.Rd:29: Escaped LaTeX specials: \$
Flavor: r-release-linux-x86_64