Last updated on 2023-12-06 18:52:52 CET.
Flavor | Version | Tinstall | Tcheck | Ttotal | Status | Flags |
---|---|---|---|---|---|---|
r-devel-linux-x86_64-debian-clang | 1.1.0 | 3.12 | 37.85 | 40.97 | NOTE | |
r-devel-linux-x86_64-debian-gcc | 1.1.0 | 2.23 | 29.15 | 31.38 | NOTE | |
r-devel-linux-x86_64-fedora-clang | 1.1.0 | 80.78 | OK | |||
r-devel-linux-x86_64-fedora-gcc | 1.1.0 | 89.89 | OK | |||
r-devel-windows-x86_64 | 1.1.0 | 4.00 | 75.00 | 79.00 | NOTE | |
r-patched-linux-x86_64 | 1.1.0 | 3.88 | 36.72 | 40.60 | NOTE | |
r-release-linux-x86_64 | 1.1.0 | 2.65 | 36.17 | 38.82 | NOTE | |
r-release-macos-arm64 | 1.1.0 | 28.00 | NOTE | |||
r-release-macos-x86_64 | 1.1.0 | 42.00 | NOTE | |||
r-release-windows-x86_64 | 1.1.0 | 4.00 | 72.00 | 76.00 | NOTE | |
r-oldrel-macos-arm64 | 1.1.0 | 23.00 | NOTE | |||
r-oldrel-macos-x86_64 | 1.1.0 | 33.00 | NOTE | |||
r-oldrel-windows-x86_64 | 1.1.0 | 5.00 | 73.00 | 78.00 | NOTE |
Version: 1.1.0
Check: package dependencies
Result: NOTE
Package suggested but not available for checking: ‘INLA’
Flavors: r-devel-linux-x86_64-debian-clang, r-devel-linux-x86_64-debian-gcc, r-devel-windows-x86_64, r-patched-linux-x86_64, r-release-linux-x86_64, r-release-macos-arm64, r-release-macos-x86_64, r-release-windows-x86_64, r-oldrel-macos-arm64, r-oldrel-macos-x86_64, r-oldrel-windows-x86_64