Last updated on 2023-12-04 18:52:23 CET.
Flavor | Version | Tinstall | Tcheck | Ttotal | Status | Flags |
---|---|---|---|---|---|---|
r-devel-linux-x86_64-debian-clang | 1.2.0 | 2.39 | 37.47 | 39.86 | OK | |
r-devel-linux-x86_64-debian-gcc | 1.2.0 | 1.98 | 27.85 | 29.83 | OK | |
r-devel-linux-x86_64-fedora-clang | 1.2.0 | 48.58 | NOTE | |||
r-devel-linux-x86_64-fedora-gcc | 1.2.0 | 45.53 | NOTE | |||
r-devel-windows-x86_64 | 1.2.0 | 4.00 | 54.00 | 58.00 | OK | |
r-patched-linux-x86_64 | 1.2.0 | 2.10 | 36.09 | 38.19 | OK | |
r-release-linux-x86_64 | 1.2.0 | 2.31 | 35.58 | 37.89 | OK | |
r-release-macos-arm64 | 1.2.0 | 74.00 | OK | |||
r-release-macos-x86_64 | 1.2.0 | 49.00 | OK | |||
r-release-windows-x86_64 | 1.2.0 | 4.00 | 57.00 | 61.00 | OK | |
r-oldrel-macos-arm64 | 1.2.0 | 42.00 | NOTE | |||
r-oldrel-macos-x86_64 | 1.2.0 | 52.00 | NOTE | |||
r-oldrel-windows-x86_64 | 1.2.0 | 5.00 | 61.00 | 66.00 | OK |
Version: 1.2.0
Check: dependencies in R code
Result: NOTE
Namespaces in Imports field not imported from:
‘devtools’ ‘jsonlite’
All declared Imports should be used.
Flavors: r-devel-linux-x86_64-fedora-clang, r-devel-linux-x86_64-fedora-gcc, r-oldrel-macos-arm64, r-oldrel-macos-x86_64