Last updated on 2023-12-04 18:52:23 CET.
Flavor | Version | Tinstall | Tcheck | Ttotal | Status | Flags |
---|---|---|---|---|---|---|
r-devel-linux-x86_64-debian-clang | 1.0.1 | 4.41 | 83.55 | 87.96 | OK | |
r-devel-linux-x86_64-debian-gcc | 1.0.1 | 3.53 | 61.65 | 65.18 | OK | |
r-devel-linux-x86_64-fedora-clang | 1.0.1 | 107.65 | NOTE | |||
r-devel-linux-x86_64-fedora-gcc | 1.0.1 | 113.71 | OK | |||
r-devel-windows-x86_64 | 1.0.1 | 5.00 | 77.00 | 82.00 | NOTE | |
r-patched-linux-x86_64 | 1.0.1 | 3.66 | 81.93 | 85.59 | OK | |
r-release-linux-x86_64 | 1.0.1 | 4.30 | 79.68 | 83.98 | OK | |
r-release-macos-arm64 | 1.0.1 | 40.00 | NOTE | |||
r-release-macos-x86_64 | 1.0.1 | 63.00 | NOTE | |||
r-release-windows-x86_64 | 1.0.1 | 6.00 | 92.00 | 98.00 | NOTE | |
r-oldrel-macos-arm64 | 1.0.1 | 32.00 | NOTE | |||
r-oldrel-macos-x86_64 | 1.0.1 | 56.00 | NOTE | |||
r-oldrel-windows-x86_64 | 1.0.1 | 6.00 | 94.00 | 100.00 | NOTE |
Version: 1.0.1
Check: installed package size
Result: NOTE
installed size is 7.6Mb
sub-directories of 1Mb or more:
doc 7.4Mb
Flavors: r-devel-linux-x86_64-fedora-clang, r-devel-windows-x86_64, r-release-macos-arm64, r-release-macos-x86_64, r-release-windows-x86_64, r-oldrel-macos-arm64, r-oldrel-macos-x86_64, r-oldrel-windows-x86_64