CRAN Package Check Results for Package nodbi

Last updated on 2024-06-12 20:59:05 CEST.

Flavor Version Tinstall Tcheck Ttotal Status Flags
r-devel-linux-x86_64-debian-clang 0.10.4 5.90 64.02 69.92 OK
r-devel-linux-x86_64-debian-gcc 0.10.4 5.39 43.45 48.84 ERROR
r-devel-linux-x86_64-fedora-clang 0.10.4 89.40 OK
r-devel-linux-x86_64-fedora-gcc 0.10.4 94.99 OK
r-devel-windows-x86_64 0.10.4 7.00 72.00 79.00 OK
r-patched-linux-x86_64 0.10.4 10.01 59.66 69.67 OK
r-release-linux-x86_64 0.10.4 6.05 60.40 66.45 OK
r-release-macos-arm64 0.10.4 38.00 OK
r-release-macos-x86_64 0.10.4 53.00 OK
r-release-windows-x86_64 0.10.4 6.00 72.00 78.00 OK
r-oldrel-macos-arm64 0.10.4 42.00 OK
r-oldrel-macos-x86_64 0.10.4 79.00 OK
r-oldrel-windows-x86_64 0.10.4 8.00 78.00 86.00 OK

Check Details

Version: 0.10.4
Check: package dependencies
Result: NOTE Packages suggested but not available for checking: 'RSQLite', 'RPostgres', 'testthat', 'tibble' Flavor: r-devel-linux-x86_64-debian-gcc

Version: 0.10.4
Check: tests
Result: ERROR Running ‘testthat.R’ [0s/0s] Running the tests in ‘tests/testthat.R’ failed. Complete output: > library(testthat) Error in library(testthat) : there is no package called 'testthat' Execution halted Flavor: r-devel-linux-x86_64-debian-gcc

Version: 0.10.4
Check: re-building of vignette outputs
Result: ERROR Error(s) in re-building vignettes: ... --- re-building ‘nodbi-overview.Rmd’ using rmarkdown Quitting from lines 45-66 [unnamed-chunk-2] (nodbi-overview.Rmd) Error: processing vignette 'nodbi-overview.Rmd' failed with diagnostics: error in evaluating the argument 'drv' in selecting a method for function 'dbConnect': there is no package called 'RSQLite' --- failed re-building ‘nodbi-overview.Rmd’ SUMMARY: processing the following file failed: ‘nodbi-overview.Rmd’ Error: Vignette re-building failed. Execution halted Flavor: r-devel-linux-x86_64-debian-gcc