CRAN Package Check Results for Package nomnoml

Last updated on 2024-06-12 20:59:05 CEST.

Flavor Version Tinstall Tcheck Ttotal Status Flags
r-devel-linux-x86_64-debian-clang 0.3.0 3.52 34.98 38.50 OK
r-devel-linux-x86_64-debian-gcc 0.3.0 2.74 25.41 28.15 ERROR
r-devel-linux-x86_64-fedora-clang 0.3.0 50.29 OK
r-devel-linux-x86_64-fedora-gcc 0.3.0 45.16 OK
r-devel-windows-x86_64 0.3.0 5.00 48.00 53.00 OK
r-patched-linux-x86_64 0.3.0 4.00 33.26 37.26 OK
r-release-linux-x86_64 0.3.0 3.61 33.38 36.99 OK
r-release-macos-arm64 0.3.0 18.00 OK
r-release-macos-x86_64 0.3.0 28.00 OK
r-release-windows-x86_64 0.3.0 5.00 48.00 53.00 OK
r-oldrel-macos-arm64 0.3.0 20.00 OK
r-oldrel-macos-x86_64 0.3.0 49.00 OK
r-oldrel-windows-x86_64 0.3.0 5.00 51.00 56.00 OK

Check Details

Version: 0.3.0
Check: package dependencies
Result: NOTE Packages suggested but not available for checking: 'testthat', 'shinytest' Flavor: r-devel-linux-x86_64-debian-gcc

Version: 0.3.0
Check: tests
Result: ERROR Running ‘spelling.R’ [0s/1s] Running ‘testthat.R’ [0s/1s] Running the tests in ‘tests/testthat.R’ failed. Complete output: > library(testthat) Error in library(testthat) : there is no package called 'testthat' Execution halted Flavor: r-devel-linux-x86_64-debian-gcc