Last updated on 2023-11-29 18:48:54 CET.
Flavor | Version | Tinstall | Tcheck | Ttotal | Status | Flags |
---|---|---|---|---|---|---|
r-devel-linux-x86_64-debian-clang | 0.4.0 | 15.15 | 230.75 | 245.90 | OK | |
r-devel-linux-x86_64-debian-gcc | 0.4.0 | 12.60 | 169.47 | 182.07 | OK | |
r-devel-linux-x86_64-fedora-clang | 0.4.0 | 305.40 | NOTE | |||
r-devel-linux-x86_64-fedora-gcc | 0.4.0 | 306.13 | NOTE | |||
r-devel-windows-x86_64 | 0.4.0 | 15.00 | 192.00 | 207.00 | OK | |
r-patched-linux-x86_64 | 0.4.0 | 15.23 | 220.38 | 235.61 | OK | |
r-release-linux-x86_64 | 0.4.0 | 9.43 | 215.22 | 224.65 | OK | |
r-release-macos-arm64 | 0.4.0 | 113.00 | OK | |||
r-release-macos-x86_64 | 0.4.0 | 187.00 | OK | |||
r-release-windows-x86_64 | 0.4.0 | 18.00 | 224.00 | 242.00 | OK | |
r-oldrel-macos-arm64 | 0.4.0 | 96.00 | NOTE | |||
r-oldrel-macos-x86_64 | 0.4.0 | 159.00 | NOTE | |||
r-oldrel-windows-x86_64 | 0.4.0 | 19.00 | 248.00 | 267.00 | OK |
Version: 0.4.0
Check: dependencies in R code
Result: NOTE
Namespaces in Imports field not imported from:
‘dplyr’ ‘e1071’ ‘pROC’ ‘purrr’ ‘randomForest’ ‘rlang’
All declared Imports should be used.
Flavors: r-devel-linux-x86_64-fedora-clang, r-devel-linux-x86_64-fedora-gcc, r-oldrel-macos-arm64, r-oldrel-macos-x86_64