Last updated on 2023-12-04 00:52:49 CET.
Flavor | Version | Tinstall | Tcheck | Ttotal | Status | Flags |
---|---|---|---|---|---|---|
r-devel-linux-x86_64-debian-clang | 0.5-6 | 4.16 | 113.72 | 117.88 | OK | |
r-devel-linux-x86_64-debian-gcc | 0.5-6 | 2.68 | 75.60 | 78.28 | OK | |
r-devel-linux-x86_64-fedora-clang | 0.5-6 | 127.70 | OK | |||
r-devel-linux-x86_64-fedora-gcc | 0.5-6 | 128.28 | OK | |||
r-devel-windows-x86_64 | 0.5-6 | 4.00 | 108.00 | 112.00 | OK | |
r-patched-linux-x86_64 | 0.5-6 | 4.51 | 58.35 | 62.86 | NOTE | |
r-release-linux-x86_64 | 0.5-6 | 4.63 | 94.93 | 99.56 | OK | |
r-release-macos-arm64 | 0.5-6 | 62.00 | OK | |||
r-release-macos-x86_64 | 0.5-6 | 137.00 | OK | |||
r-release-windows-x86_64 | 0.5-6 | 6.00 | 113.00 | 119.00 | OK | |
r-oldrel-macos-arm64 | 0.5-6 | 77.00 | OK | |||
r-oldrel-macos-x86_64 | 0.5-6 | 79.00 | OK | |||
r-oldrel-windows-x86_64 | 0.5-6 | 6.00 | 122.00 | 128.00 | OK |
Version: 0.5-6
Check: package dependencies
Result: NOTE
Package suggested but not available for checking: ‘tidySEM’
Flavor: r-patched-linux-x86_64