Last updated on 2023-12-06 18:52:52 CET.
Flavor | Version | Tinstall | Tcheck | Ttotal | Status | Flags |
---|---|---|---|---|---|---|
r-devel-linux-x86_64-debian-clang | 1.0.1 | 3.44 | 262.78 | 266.22 | NOTE | |
r-devel-linux-x86_64-debian-gcc | 1.0.1 | 2.62 | 190.01 | 192.63 | NOTE | |
r-devel-linux-x86_64-fedora-clang | 1.0.1 | 316.30 | NOTE | |||
r-devel-linux-x86_64-fedora-gcc | 1.0.1 | 315.26 | NOTE | |||
r-devel-windows-x86_64 | 1.0.1 | 4.00 | 186.00 | 190.00 | NOTE | |
r-patched-linux-x86_64 | 1.0.1 | 3.69 | 240.57 | 244.26 | NOTE | |
r-release-linux-x86_64 | 1.0.1 | 3.39 | 240.75 | 244.14 | NOTE | |
r-release-macos-arm64 | 1.0.1 | 77.00 | NOTE | |||
r-release-macos-x86_64 | 1.0.1 | 154.00 | NOTE | |||
r-release-windows-x86_64 | 1.0.1 | 5.00 | 250.00 | 255.00 | NOTE | |
r-oldrel-macos-arm64 | 1.0.1 | 72.00 | NOTE | |||
r-oldrel-macos-x86_64 | 1.0.1 | 97.00 | NOTE | |||
r-oldrel-windows-x86_64 | 1.0.1 | 5.00 | 255.00 | 260.00 | NOTE |
Version: 1.0.1
Check: LazyData
Result: NOTE
'LazyData' is specified without a 'data' directory
Flavors: r-devel-linux-x86_64-debian-clang, r-devel-linux-x86_64-debian-gcc, r-devel-linux-x86_64-fedora-clang, r-devel-linux-x86_64-fedora-gcc, r-devel-windows-x86_64, r-patched-linux-x86_64, r-release-linux-x86_64, r-release-macos-arm64, r-release-macos-x86_64, r-release-windows-x86_64, r-oldrel-macos-arm64, r-oldrel-macos-x86_64, r-oldrel-windows-x86_64