CRAN Package Check Results for Package nycflights23

Last updated on 2024-07-24 20:52:29 CEST.

Flavor Version Tinstall Tcheck Ttotal Status Flags
r-devel-linux-x86_64-debian-clang 0.1.0 22.51 37.56 60.07 OK
r-devel-linux-x86_64-debian-gcc 0.1.0 20.32 32.08 52.40 OK
r-devel-linux-x86_64-fedora-clang 0.1.0 78.08 NOTE
r-devel-linux-x86_64-fedora-gcc 0.1.0 78.14 NOTE
r-devel-windows-x86_64 0.1.0 18.00 48.00 66.00 NOTE
r-patched-linux-x86_64 0.1.0 21.83 37.93 59.76 OK
r-release-linux-x86_64 0.1.0 23.25 36.94 60.19 OK
r-release-macos-arm64 0.1.0 35.00 NOTE
r-release-macos-x86_64 0.1.0 54.00 NOTE
r-release-windows-x86_64 0.1.0 18.00 48.00 66.00 NOTE
r-oldrel-macos-arm64 0.1.0 46.00 NOTE
r-oldrel-macos-x86_64 0.1.0 95.00 NOTE
r-oldrel-windows-x86_64 0.1.0 18.00 54.00 72.00 NOTE

Check Details

Version: 0.1.0
Check: installed package size
Result: NOTE installed size is 5.6Mb sub-directories of 1Mb or more: data 5.5Mb Flavors: r-devel-linux-x86_64-fedora-clang, r-devel-windows-x86_64, r-release-macos-arm64, r-release-macos-x86_64, r-release-windows-x86_64, r-oldrel-macos-arm64, r-oldrel-macos-x86_64, r-oldrel-windows-x86_64

Version: 0.1.0
Check: data for non-ASCII characters
Result: NOTE Note: found 5 marked UTF-8 strings Flavors: r-devel-linux-x86_64-fedora-clang, r-devel-linux-x86_64-fedora-gcc