Last updated on 2023-12-02 18:53:50 CET.
Flavor | Version | Tinstall | Tcheck | Ttotal | Status | Flags |
---|---|---|---|---|---|---|
r-devel-linux-x86_64-debian-clang | 1.8.5 | 47.08 | 281.76 | 328.84 | OK | |
r-devel-linux-x86_64-debian-gcc | 1.8.5 | 41.59 | 204.27 | 245.86 | OK | |
r-devel-linux-x86_64-fedora-clang | 1.8.5 | 406.73 | NOTE | |||
r-devel-linux-x86_64-fedora-gcc | 1.8.5 | 397.63 | OK | |||
r-devel-windows-x86_64 | 1.8.5 | 42.00 | 190.00 | 232.00 | NOTE | |
r-patched-linux-x86_64 | 1.8.5 | 34.21 | 262.95 | 297.16 | OK | |
r-release-linux-x86_64 | 1.8.5 | 33.66 | 260.26 | 293.92 | OK | |
r-release-macos-arm64 | 1.8.5 | 106.00 | NOTE | |||
r-release-macos-x86_64 | 1.8.5 | 175.00 | NOTE | |||
r-release-windows-x86_64 | 1.8.5 | 56.00 | 248.00 | 304.00 | NOTE | |
r-oldrel-macos-arm64 | 1.8.5 | 99.00 | NOTE | |||
r-oldrel-macos-x86_64 | 1.8.5 | 135.00 | NOTE | |||
r-oldrel-windows-x86_64 | 1.8.5 | 59.00 | 242.00 | 301.00 | NOTE |
Version: 1.8.5
Check: installed package size
Result: NOTE
installed size is 9.5Mb
sub-directories of 1Mb or more:
R 1.5Mb
doc 5.7Mb
extdata 1.6Mb
Flavors: r-devel-linux-x86_64-fedora-clang, r-devel-windows-x86_64, r-release-macos-arm64, r-release-macos-x86_64, r-release-windows-x86_64, r-oldrel-macos-arm64, r-oldrel-macos-x86_64, r-oldrel-windows-x86_64