CRAN Package Check Results for Package oddstream

Last updated on 2023-11-28 18:49:26 CET.

Flavor Version Tinstall Tcheck Ttotal Status Flags
r-devel-linux-x86_64-debian-clang 0.5.0 15.55 122.95 138.50 OK
r-devel-linux-x86_64-debian-gcc 0.5.0 12.44 90.57 103.01 OK
r-devel-linux-x86_64-fedora-clang 0.5.0 170.12 NOTE
r-devel-linux-x86_64-fedora-gcc 0.5.0 161.86 NOTE
r-devel-windows-x86_64 0.5.0 16.00 103.00 119.00 OK
r-patched-linux-x86_64 0.5.0 11.88 115.89 127.77 OK
r-release-linux-x86_64 0.5.0 11.17 114.89 126.06 OK
r-release-macos-arm64 0.5.0 52.00 OK
r-release-macos-x86_64 0.5.0 86.00 OK
r-release-windows-x86_64 0.5.0 19.00 121.00 140.00 OK
r-oldrel-macos-arm64 0.5.0 48.00 NOTE
r-oldrel-macos-x86_64 0.5.0 88.00 NOTE
r-oldrel-windows-x86_64 0.5.0 20.00 124.00 144.00 OK

Check Details

Version: 0.5.0
Check: dependencies in R code
Result: NOTE Namespaces in Imports field not imported from: ‘RColorBrewer’ ‘graphics’ All declared Imports should be used. Flavors: r-devel-linux-x86_64-fedora-clang, r-devel-linux-x86_64-fedora-gcc, r-oldrel-macos-arm64, r-oldrel-macos-x86_64