Last updated on 2023-11-28 18:49:26 CET.
Flavor | Version | Tinstall | Tcheck | Ttotal | Status | Flags |
---|---|---|---|---|---|---|
r-devel-linux-x86_64-debian-clang | 0.1.2 | 3.76 | 81.02 | 84.78 | NOTE | |
r-devel-linux-x86_64-debian-gcc | 0.1.2 | 3.02 | 60.53 | 63.55 | NOTE | |
r-devel-linux-x86_64-fedora-clang | 0.1.2 | 94.13 | NOTE | |||
r-devel-linux-x86_64-fedora-gcc | 0.1.2 | 102.77 | NOTE | |||
r-devel-windows-x86_64 | 0.1.2 | 5.00 | 1156.00 | 1161.00 | NOTE | |
r-patched-linux-x86_64 | 0.1.2 | 2.66 | 78.33 | 80.99 | NOTE | |
r-release-linux-x86_64 | 0.1.2 | 2.25 | 79.51 | 81.76 | NOTE | |
r-release-macos-arm64 | 0.1.2 | 1159.00 | NOTE | |||
r-release-macos-x86_64 | 0.1.2 | 1203.00 | NOTE | |||
r-release-windows-x86_64 | 0.1.2 | 5.00 | 1138.00 | 1143.00 | NOTE | |
r-oldrel-macos-arm64 | 0.1.2 | 1051.00 | NOTE | |||
r-oldrel-macos-x86_64 | 0.1.2 | 1110.00 | NOTE | |||
r-oldrel-windows-x86_64 | 0.1.2 | 6.00 | 1197.00 | 1203.00 | NOTE |
Version: 0.1.2
Check: LazyData
Result: NOTE
'LazyData' is specified without a 'data' directory
Flavors: r-devel-linux-x86_64-debian-clang, r-devel-linux-x86_64-debian-gcc, r-devel-linux-x86_64-fedora-clang, r-devel-linux-x86_64-fedora-gcc, r-devel-windows-x86_64, r-patched-linux-x86_64, r-release-linux-x86_64, r-release-macos-arm64, r-release-macos-x86_64, r-release-windows-x86_64, r-oldrel-macos-arm64, r-oldrel-macos-x86_64, r-oldrel-windows-x86_64