CRAN Package Check Results for Package openair

Last updated on 2024-06-13 20:49:19 CEST.

Flavor Version Tinstall Tcheck Ttotal Status Flags
r-devel-linux-x86_64-debian-clang 2.18-2 51.79 259.27 311.06 OK
r-devel-linux-x86_64-debian-gcc 2.18-2 0.59 1.74 2.33 ERROR
r-devel-linux-x86_64-fedora-clang 2.18-2 420.35 OK
r-devel-linux-x86_64-fedora-gcc 2.18-2 372.14 OK
r-devel-windows-x86_64 2.18-2 43.00 225.00 268.00 OK
r-patched-linux-x86_64 2.18-2 51.10 249.23 300.33 OK
r-release-linux-x86_64 2.18-2 46.18 241.32 287.50 OK
r-release-macos-arm64 2.18-2 94.00 OK
r-release-macos-x86_64 2.18-2 163.00 OK
r-release-windows-x86_64 2.18-2 49.00 237.00 286.00 OK
r-oldrel-macos-arm64 2.18-2 96.00 OK
r-oldrel-macos-x86_64 2.18-2 193.00 OK
r-oldrel-windows-x86_64 2.18-2 57.00 274.00 331.00 OK

Check Details

Version: 2.18-2
Check: package dependencies
Result: ERROR Packages required but not available: 'dplyr', 'lubridate', 'purrr', 'readr', 'tibble', 'tidyr' See section ‘The DESCRIPTION file’ in the ‘Writing R Extensions’ manual. Flavor: r-devel-linux-x86_64-debian-gcc