Last updated on 2023-12-04 18:52:23 CET.
Flavor | Version | Tinstall | Tcheck | Ttotal | Status | Flags |
---|---|---|---|---|---|---|
r-devel-linux-x86_64-debian-clang | 0.0.2 | 1.90 | 31.11 | 33.01 | OK | |
r-devel-linux-x86_64-debian-gcc | 0.0.2 | 1.87 | 23.75 | 25.62 | OK | |
r-devel-linux-x86_64-fedora-clang | 0.0.2 | 41.80 | NOTE | |||
r-devel-linux-x86_64-fedora-gcc | 0.0.2 | 51.27 | OK | |||
r-devel-windows-x86_64 | 0.0.2 | 3.00 | 49.00 | 52.00 | OK | |
r-patched-linux-x86_64 | 0.0.2 | 2.52 | 29.73 | 32.25 | OK | |
r-release-linux-x86_64 | 0.0.2 | 2.42 | 29.92 | 32.34 | OK | |
r-release-macos-arm64 | 0.0.2 | 25.00 | OK | |||
r-release-macos-x86_64 | 0.0.2 | 58.00 | OK | |||
r-release-windows-x86_64 | 0.0.2 | 3.00 | 51.00 | 54.00 | OK | |
r-oldrel-macos-arm64 | 0.0.2 | 25.00 | OK | |||
r-oldrel-macos-x86_64 | 0.0.2 | 30.00 | OK | |||
r-oldrel-windows-x86_64 | 0.0.2 | 4.00 | 52.00 | 56.00 | OK |
Version: 0.0.2
Check: Rd cross-references
Result: NOTE
Undeclared package ‘tibble’ in Rd xrefs
Flavor: r-devel-linux-x86_64-fedora-clang