Last updated on 2023-12-01 18:51:09 CET.
Flavor | Version | Tinstall | Tcheck | Ttotal | Status | Flags |
---|---|---|---|---|---|---|
r-devel-linux-x86_64-debian-clang | 0.10.7 | 56.09 | 258.13 | 314.22 | NOTE | |
r-devel-linux-x86_64-debian-gcc | 0.10.7 | 40.28 | 192.82 | 233.10 | NOTE | |
r-devel-linux-x86_64-fedora-clang | 0.10.7 | 395.52 | NOTE | |||
r-devel-linux-x86_64-fedora-gcc | 0.10.7 | 404.97 | NOTE | |||
r-devel-windows-x86_64 | 0.10.7 | 47.00 | 215.00 | 262.00 | NOTE | |
r-patched-linux-x86_64 | 0.10.7 | 47.10 | 244.16 | 291.26 | NOTE | |
r-release-linux-x86_64 | 0.10.7 | 43.67 | 241.54 | 285.21 | NOTE | |
r-release-macos-arm64 | 0.10.7 | 250.00 | NOTE | |||
r-release-macos-x86_64 | 0.10.7 | 379.00 | NOTE | |||
r-release-windows-x86_64 | 0.10.7 | 60.00 | 282.00 | 342.00 | NOTE | |
r-oldrel-macos-arm64 | 0.10.7 | 101.00 | NOTE | |||
r-oldrel-macos-x86_64 | 0.10.6 | 157.00 | NOTE | |||
r-oldrel-windows-x86_64 | 0.10.7 | 59.00 | 269.00 | 328.00 | NOTE |
Version: 0.10.7
Check: package dependencies
Result: NOTE
Package suggested but not available for checking: ‘rrelaxiv’
Flavors: r-devel-linux-x86_64-debian-clang, r-devel-linux-x86_64-debian-gcc, r-devel-linux-x86_64-fedora-clang, r-devel-linux-x86_64-fedora-gcc, r-devel-windows-x86_64, r-patched-linux-x86_64, r-release-linux-x86_64, r-release-macos-arm64, r-release-macos-x86_64, r-release-windows-x86_64, r-oldrel-macos-arm64, r-oldrel-windows-x86_64
Version: 0.10.6
Check: package dependencies
Result: NOTE
Package suggested but not available for checking: ‘rrelaxiv’
Flavor: r-oldrel-macos-x86_64