Last updated on 2023-11-29 18:48:55 CET.
Flavor | Version | Tinstall | Tcheck | Ttotal | Status | Flags |
---|---|---|---|---|---|---|
r-devel-linux-x86_64-debian-clang | 1.3.5 | 180.09 | 62.57 | 242.66 | NOTE | |
r-devel-linux-x86_64-debian-gcc | 1.3.5 | 138.87 | 49.80 | 188.67 | NOTE | |
r-devel-linux-x86_64-fedora-clang | 1.3.5 | 381.51 | NOTE | |||
r-devel-linux-x86_64-fedora-gcc | 1.3.5 | 404.51 | NOTE | |||
r-devel-windows-x86_64 | 1.3.5 | 141.00 | 107.00 | 248.00 | NOTE | |
r-patched-linux-x86_64 | 1.3.5 | 156.63 | 63.27 | 219.90 | NOTE | |
r-release-linux-x86_64 | 1.3.5 | 167.21 | 64.06 | 231.27 | NOTE | |
r-release-macos-arm64 | 1.3.5 | 98.00 | NOTE | |||
r-release-macos-x86_64 | 1.3.5 | 174.00 | NOTE | |||
r-release-windows-x86_64 | 1.3.5 | 187.00 | 117.00 | 304.00 | NOTE | |
r-oldrel-macos-arm64 | 1.3.5 | 92.00 | NOTE | |||
r-oldrel-macos-x86_64 | 1.3.5 | 118.00 | NOTE | |||
r-oldrel-windows-x86_64 | 1.3.5 | 182.00 | 116.00 | 298.00 | OK |
Version: 1.3.5
Check: C++ specification
Result: NOTE
Specified C++11: please drop specification unless essential
Flavors: r-devel-linux-x86_64-debian-clang, r-devel-linux-x86_64-debian-gcc, r-devel-linux-x86_64-fedora-clang, r-devel-linux-x86_64-fedora-gcc, r-devel-windows-x86_64, r-patched-linux-x86_64, r-release-linux-x86_64, r-release-macos-arm64, r-release-macos-x86_64, r-release-windows-x86_64
Version: 1.3.5
Check: Rd files
Result: NOTE
checkRd: (-1) bosclassif.Rd:36: Lost braces; missing escapes or markup?
36 | Vector of length D. The d^{th} element indicates the number of column clusters. Set to 0 to choose a classical multivariate BOS model.
| ^
checkRd: (-1) bosclassif.Rd:40: Lost braces; missing escapes or markup?
40 | Vector of length D. The d^{th} element defines the number of levels of the ordinal data.
| ^
checkRd: (-1) bosclassif.Rd:73: Lost braces; missing escapes or markup?
73 | \item{@zc}{List of length D. The d^{th} item is a vector of length J[d] representing the column partitions for the group of variables d.}
| ^
checkRd: (-1) bosclassif.Rd:74: Lost braces; missing escapes or markup?
74 | \item{@J}{Vector of length D. The d^{th} item represents the number of columns for d^{th} group of variables.}
| ^
checkRd: (-1) bosclassif.Rd:74: Lost braces; missing escapes or markup?
74 | \item{@J}{Vector of length D. The d^{th} item represents the number of columns for d^{th} group of variables.}
| ^
checkRd: (-1) bosclassif.Rd:82: Lost braces; missing escapes or markup?
82 | \item{@rho}{List of length D. The d^{th} item represents the column mixing proportion for the d^{th} group of variables.}
| ^
checkRd: (-1) bosclassif.Rd:82: Lost braces; missing escapes or markup?
82 | \item{@rho}{List of length D. The d^{th} item represents the column mixing proportion for the d^{th} group of variables.}
| ^
checkRd: (-1) bosclassif.Rd:83: Lost braces; missing escapes or markup?
83 | \item{@dlist}{List of length d. The d^{th} item represents the indexes of group of variables d.}
| ^
checkRd: (-1) bosclassif.Rd:84: Lost braces; missing escapes or markup?
84 | \item{@kc}{Vector of length D. The d^{th} element represents the number of clusters column H for the d^{th} group of variables.}
| ^
checkRd: (-1) bosclassif.Rd:84: Lost braces; missing escapes or markup?
84 | \item{@kc}{Vector of length D. The d^{th} element represents the number of clusters column H for the d^{th} group of variables.}
| ^
checkRd: (-1) bosclassif.Rd:85: Lost braces; missing escapes or markup?
85 | \item{@m}{Vector of length D. The d^{th} element represents the number of levels of the d^{th} group of variables.}
| ^
checkRd: (-1) bosclassif.Rd:85: Lost braces; missing escapes or markup?
85 | \item{@m}{Vector of length D. The d^{th} element represents the number of levels of the d^{th} group of variables.}
| ^
checkRd: (-1) bosclassif.Rd:87: Lost braces; missing escapes or markup?
87 | \item{@params}{List of length D. The d^{th} item represents the blocks parameters for a group of variables d.}
| ^
checkRd: (-1) bosclassif.Rd:88: Lost braces; missing escapes or markup?
88 | \item{@xhat}{List of length D. The d^{th} item represents the dataset of the d^{th} group of variables, with missing values completed.}
| ^
checkRd: (-1) bosclassif.Rd:88: Lost braces; missing escapes or markup?
88 | \item{@xhat}{List of length D. The d^{th} item represents the dataset of the d^{th} group of variables, with missing values completed.}
| ^
checkRd: (-1) bosclust.Rd:32: Lost braces; missing escapes or markup?
32 | Vector of length D. The d^{th} element defines the number of levels of the ordinal data.
| ^
checkRd: (-1) bosclust.Rd:67: Lost braces; missing escapes or markup?
67 | \item{@m}{Vector of length D. The d^{th} element represents the number of levels of the d^{th} group of variables.}
| ^
checkRd: (-1) bosclust.Rd:67: Lost braces; missing escapes or markup?
67 | \item{@m}{Vector of length D. The d^{th} element represents the number of levels of the d^{th} group of variables.}
| ^
checkRd: (-1) bosclust.Rd:70: Lost braces; missing escapes or markup?
70 | \item{@params}{List of length D. The d^{th} item stores the resulting position and precision parameters mu and pi.}
| ^
checkRd: (-1) bosclust.Rd:72: Lost braces; missing escapes or markup?
72 | \item{@xhat}{List of length D. The d^{th} item represents the dataset of the d^{th} group of variables, with missing values completed.}
| ^
checkRd: (-1) bosclust.Rd:72: Lost braces; missing escapes or markup?
72 | \item{@xhat}{List of length D. The d^{th} item represents the dataset of the d^{th} group of variables, with missing values completed.}
| ^
checkRd: (-1) boscoclust.Rd:32: Lost braces; missing escapes or markup?
32 | Vector of length D. The d^{th} element indicates the number of column clusters. %% Set to 0 to choose a classical multivariate BOS model.
| ^
checkRd: (-1) boscoclust.Rd:36: Lost braces; missing escapes or markup?
36 | Vector of length D. The d^{th} element defines the number of levels of the ordinal data.
| ^
checkRd: (-1) boscoclust.Rd:77: Lost braces; missing escapes or markup?
77 | \item{@rhochain}{List of length nbSEM. Item i is a list of length D whose d^{th} element contains the column mixing proportions of the group of variables d, for iteration i.}
| ^
checkRd: (-1) boscoclust.Rd:78: Lost braces; missing escapes or markup?
78 | \item{@zc}{List of length D. The d^{th} item is a vector of length J[d] representing the column partitions for the group of variables d.}
| ^
checkRd: (-1) boscoclust.Rd:81: Lost braces; missing escapes or markup?
81 | \item{@m}{Vector of length D. The d^{th} element represents the number of levels of d^{th} group of variables.}
| ^
checkRd: (-1) boscoclust.Rd:81: Lost braces; missing escapes or markup?
81 | \item{@m}{Vector of length D. The d^{th} element represents the number of levels of d^{th} group of variables.}
| ^
checkRd: (-1) boscoclust.Rd:82: Lost braces; missing escapes or markup?
82 | \item{@params}{List of length D. The d^{th} item represents the blocks parameters for a group of variables d.}
| ^
checkRd: (-1) boscoclust.Rd:84: Lost braces; missing escapes or markup?
84 | \item{@rho}{List of length D. The d^{th} item represents the column mixing proportion for the d^{th} group of variables.}
| ^
checkRd: (-1) boscoclust.Rd:84: Lost braces; missing escapes or markup?
84 | \item{@rho}{List of length D. The d^{th} item represents the column mixing proportion for the d^{th} group of variables.}
| ^
checkRd: (-1) boscoclust.Rd:85: Lost braces; missing escapes or markup?
85 | \item{@xhat}{List of length D. The d^{th} item represents the dataset of the d^{th} group of variables, with missing values completed.}
| ^
checkRd: (-1) boscoclust.Rd:85: Lost braces; missing escapes or markup?
85 | \item{@xhat}{List of length D. The d^{th} item represents the dataset of the d^{th} group of variables, with missing values completed.}
| ^
Flavors: r-devel-linux-x86_64-debian-clang, r-devel-linux-x86_64-debian-gcc
Version: 1.3.5
Check: installed package size
Result: NOTE
installed size is 8.6Mb
sub-directories of 1Mb or more:
libs 8.4Mb
Flavors: r-release-macos-arm64, r-release-macos-x86_64, r-oldrel-macos-arm64, r-oldrel-macos-x86_64