CRAN Package Check Results for Package oreo

Last updated on 2024-07-24 20:52:29 CEST.

Flavor Version Tinstall Tcheck Ttotal Status Flags
r-devel-linux-x86_64-debian-clang 1.0 4.07 42.96 47.03 NOTE
r-devel-linux-x86_64-debian-gcc 1.0 3.93 32.60 36.53 NOTE
r-devel-linux-x86_64-fedora-clang 1.0 61.49 NOTE
r-devel-linux-x86_64-fedora-gcc 1.0 59.32 NOTE
r-devel-windows-x86_64 1.0 8.00 55.00 63.00 NOTE
r-patched-linux-x86_64 1.0 5.39 39.89 45.28 NOTE
r-release-linux-x86_64 1.0 4.33 40.72 45.05 NOTE
r-release-macos-arm64 1.0 22.00 NOTE
r-release-macos-x86_64 1.0 31.00 NOTE
r-release-windows-x86_64 1.0 6.00 56.00 62.00 NOTE
r-oldrel-macos-arm64 1.0 24.00 OK
r-oldrel-macos-x86_64 1.0 31.00 OK
r-oldrel-windows-x86_64 1.0 7.00 61.00 68.00 OK

Check Details

Version: 1.0
Check: Rd files
Result: NOTE checkRd: (-1) plotColeCole.Rd:21: Lost braces; missing escapes or markup? 21 | {No return value} | ^ checkRd: (-1) plotDeltaStrain.Rd:21: Lost braces; missing escapes or markup? 21 | {No return value} | ^ checkRd: (-1) plotDisp.Rd:21: Lost braces; missing escapes or markup? 21 | {No return value} | ^ checkRd: (-1) plotFft.Rd:23: Lost braces; missing escapes or markup? 23 | {No return value} | ^ checkRd: (-1) plotGpdot.Rd:21: Lost braces; missing escapes or markup? 21 | {No return value} | ^ checkRd: (-1) plotPAV.Rd:21: Lost braces; missing escapes or markup? 21 | {No return value} | ^ checkRd: (-1) plotSpeedGp.Rd:5: Lost braces; missing escapes or markup? 5 | \title{Speed-G'_{t} plot} | ^ checkRd: (-1) plotSpeedGp.Rd:24: Lost braces; missing escapes or markup? 24 | create Speed-G'_{t} plot | ^ checkRd: (-1) plotSpeedGp.Rd:26: Lost braces; missing escapes or markup? 26 | create Speed-G'_{t} plot | ^ checkRd: (-1) plotSpeedGp.Rd:21: Lost braces; missing escapes or markup? 21 | {No return value} | ^ checkRd: (-1) plotSpeedGpp.Rd:5: Lost braces; missing escapes or markup? 5 | \title{Speed-G''_{t} plot} | ^ checkRd: (-1) plotSpeedGpp.Rd:24: Lost braces; missing escapes or markup? 24 | create Speed-G''_{t} plot | ^ checkRd: (-1) plotSpeedGpp.Rd:26: Lost braces; missing escapes or markup? 26 | create Speed-G''_{t} plot | ^ checkRd: (-1) plotSpeedGpp.Rd:21: Lost braces; missing escapes or markup? 21 | {No return value} | ^ checkRd: (-1) plotStrain.Rd:21: Lost braces; missing escapes or markup? 21 | {No return value} | ^ checkRd: (-1) plotStressRate.Rd:21: Lost braces; missing escapes or markup? 21 | {No return value} | ^ checkRd: (-1) plotStressStrain.Rd:25: Lost braces; missing escapes or markup? 25 | {No return value} | ^ checkRd: (-1) plotStressTime.Rd:23: Lost braces; missing escapes or markup? 23 | {No return value} | ^ checkRd: (-1) plotTimeRate.Rd:25: Lost braces; missing escapes or markup? 25 | {No return value} | ^ checkRd: (-1) plotTimeStrain.Rd:25: Lost braces; missing escapes or markup? 25 | {No return value} | ^ checkRd: (-1) plotTimeStress.Rd:25: Lost braces; missing escapes or markup? 25 | {No return value} | ^ checkRd: (-1) plotVGP.Rd:21: Lost braces; missing escapes or markup? 21 | {No return value} | ^ Flavors: r-devel-linux-x86_64-debian-clang, r-devel-linux-x86_64-debian-gcc, r-devel-linux-x86_64-fedora-clang, r-devel-linux-x86_64-fedora-gcc, r-devel-windows-x86_64, r-patched-linux-x86_64, r-release-linux-x86_64, r-release-macos-arm64, r-release-macos-x86_64, r-release-windows-x86_64

Version: 1.0
Check: dependencies in R code
Result: NOTE Namespaces in Imports field not imported from: ‘ggplot2’ ‘gridExtra’ ‘scales’ ‘tools’ All declared Imports should be used. Flavors: r-devel-linux-x86_64-fedora-clang, r-devel-linux-x86_64-fedora-gcc