Last updated on 2023-12-09 18:54:25 CET.
Flavor | Version | Tinstall | Tcheck | Ttotal | Status | Flags |
---|---|---|---|---|---|---|
r-devel-linux-x86_64-debian-clang | 0.1.4 | 57.12 | 296.85 | 353.97 | NOTE | |
r-devel-linux-x86_64-debian-gcc | 0.1.4 | 40.28 | 183.89 | 224.17 | NOTE | |
r-devel-linux-x86_64-fedora-clang | 0.1.4 | 453.18 | OK | |||
r-devel-linux-x86_64-fedora-gcc | 0.1.4 | 459.94 | OK | |||
r-devel-windows-x86_64 | 0.1.4 | 47.00 | 205.00 | 252.00 | OK | |
r-patched-linux-x86_64 | 0.1.4 | 49.00 | 289.10 | 338.10 | OK | |
r-release-linux-x86_64 | 0.1.4 | 45.51 | 287.61 | 333.12 | OK | |
r-release-macos-arm64 | 0.1.4 | 113.00 | OK | |||
r-release-macos-x86_64 | 0.1.4 | 189.00 | OK | |||
r-release-windows-x86_64 | 0.1.4 | 60.00 | 245.00 | 305.00 | OK | |
r-oldrel-macos-arm64 | 0.1.4 | 90.00 | OK | |||
r-oldrel-macos-x86_64 | 0.1.4 | 162.00 | OK | |||
r-oldrel-windows-x86_64 | 0.1.4 | 53.00 | 246.00 | 299.00 | OK |
Version: 0.1.4
Check: Rd files
Result: NOTE
checkRd: (-1) orf.Rd:74: Lost braces
74 | matrix of covariates \code{X} and a vector of outcomes 'code{Y} to the \code{orf}
| ^
Flavors: r-devel-linux-x86_64-debian-clang, r-devel-linux-x86_64-debian-gcc