CRAN Package Check Results for Package overture

Last updated on 2024-02-24 18:54:58 CET.

Flavor Version Tinstall Tcheck Ttotal Status Flags
r-devel-linux-x86_64-debian-clang 0.4-0 2.52 32.74 35.26 NOTE
r-devel-linux-x86_64-debian-gcc 0.4-0 1.79 24.89 26.68 NOTE
r-devel-linux-x86_64-fedora-clang 0.4-0 43.35 NOTE
r-devel-linux-x86_64-fedora-gcc 0.4-0 53.36 NOTE
r-devel-windows-x86_64 0.4-0 3.00 46.00 49.00 NOTE
r-patched-linux-x86_64 0.4-0 4.08 32.83 36.91 NOTE
r-release-linux-x86_64 0.4-0 2.09 33.02 35.11 NOTE
r-release-macos-arm64 0.4-0 24.00 NOTE
r-release-macos-x86_64 0.4-0 35.00 NOTE
r-release-windows-x86_64 0.4-0 3.00 50.00 53.00 NOTE
r-oldrel-macos-arm64 0.4-0 22.00 NOTE
r-oldrel-windows-x86_64 0.4-0 3.00 52.00 55.00 NOTE

Check Details

Version: 0.4-0
Check: LazyData
Result: NOTE 'LazyData' is specified without a 'data' directory Flavors: r-devel-linux-x86_64-debian-clang, r-devel-linux-x86_64-debian-gcc, r-devel-linux-x86_64-fedora-clang, r-devel-linux-x86_64-fedora-gcc, r-devel-windows-x86_64, r-patched-linux-x86_64, r-release-linux-x86_64, r-release-macos-arm64, r-release-macos-x86_64, r-release-windows-x86_64, r-oldrel-macos-arm64, r-oldrel-windows-x86_64