Last updated on 2023-12-07 18:49:35 CET.
Flavor | Version | Tinstall | Tcheck | Ttotal | Status | Flags |
---|---|---|---|---|---|---|
r-devel-linux-x86_64-debian-clang | 1.2-4 | 8.54 | 92.96 | 101.50 | NOTE | |
r-devel-linux-x86_64-debian-gcc | 1.2-4 | 7.00 | 71.44 | 78.44 | NOTE | |
r-devel-linux-x86_64-fedora-clang | 1.2-4 | 125.67 | OK | |||
r-devel-linux-x86_64-fedora-gcc | 1.2-4 | 134.15 | OK | |||
r-devel-windows-x86_64 | 1.2-4 | 8.00 | 114.00 | 122.00 | OK | |
r-patched-linux-x86_64 | 1.2-4 | 8.05 | 89.25 | 97.30 | OK | |
r-release-linux-x86_64 | 1.2-4 | 8.88 | 88.02 | 96.90 | OK | |
r-release-macos-arm64 | 1.2-4 | 56.00 | OK | |||
r-release-macos-x86_64 | 1.2-4 | 122.00 | OK | |||
r-release-windows-x86_64 | 1.2-4 | 12.00 | 124.00 | 136.00 | OK | |
r-oldrel-macos-arm64 | 1.2-4 | 52.00 | OK | |||
r-oldrel-macos-x86_64 | 1.2-4 | 67.00 | OK | |||
r-oldrel-windows-x86_64 | 1.2-4 | 13.00 | 122.00 | 135.00 | OK |
Version: 1.2-4
Check: Rd files
Result: NOTE
checkRd: (-1) returns.Rd:21: Lost braces; missing escapes or markup?
21 | \item{...}{Other options including {type} which refers to the
| ^
Flavors: r-devel-linux-x86_64-debian-clang, r-devel-linux-x86_64-debian-gcc