Last updated on 2023-12-07 18:49:36 CET.
Flavor | Version | Tinstall | Tcheck | Ttotal | Status | Flags |
---|---|---|---|---|---|---|
r-devel-linux-x86_64-debian-clang | 0.7.0 | 205.14 | 55.32 | 260.46 | WARN | |
r-devel-linux-x86_64-debian-gcc | 0.7.0 | 165.30 | 42.87 | 208.17 | WARN | |
r-devel-linux-x86_64-fedora-clang | 0.7.0 | 342.29 | WARN | |||
r-devel-linux-x86_64-fedora-gcc | 0.7.0 | 387.18 | WARN | |||
r-devel-windows-x86_64 | 0.7.0 | 405.00 | 75.00 | 480.00 | WARN | |
r-patched-linux-x86_64 | 0.7.0 | 194.62 | 55.49 | 250.11 | WARN | |
r-release-linux-x86_64 | 0.7.0 | 201.68 | 54.22 | 255.90 | OK | |
r-release-macos-arm64 | 0.7.0 | 131.00 | NOTE | |||
r-release-macos-x86_64 | 0.7.0 | 417.00 | NOTE | |||
r-release-windows-x86_64 | 0.7.0 | 519.00 | 75.00 | 594.00 | NOTE | |
r-oldrel-macos-arm64 | 0.7.0 | 118.00 | NOTE | |||
r-oldrel-macos-x86_64 | 0.6.0 | 38.00 | OK | |||
r-oldrel-windows-x86_64 | 0.7.0 | 479.00 | 69.00 | 548.00 | NOTE |
Version: 0.7.0
Check: whether package can be installed
Result: WARN
Found the following significant warnings:
progress.c:98:37: warning: data argument not used by format string [-Wformat-extra-args]
handle.c:115:20: warning: field precision should have type 'int', but argument has type 'size_t' (aka 'unsigned long') [-Wformat]
utils.c:42:11: warning: format string is not a string literal (potentially insecure) [-Wformat-security]
utils.c:78:11: warning: format string is not a string literal (potentially insecure) [-Wformat-security]
utils.c:87:29: warning: format specifies type 'int' but the argument has type 'long' [-Wformat]
parse.c:38:32: warning: format string is not a string literal (potentially insecure) [-Wformat-security]
push_parser.c:71:14: warning: format string is not a string literal (potentially insecure) [-Wformat-security]
hbio.c:1629:11: warning: format string is not a string literal (potentially insecure) [-Wformat-security]
create-time.c:147:61: warning: data argument not used by format string [-Wformat-extra-args]
See ‘/home/hornik/tmp/R.check/r-devel-clang/Work/PKGS/pak.Rcheck/00install.out’ for details.
* used C compiler: ‘Debian clang version 17.0.5 (1)’
Flavor: r-devel-linux-x86_64-debian-clang
Version: 0.7.0
Check: whether package can be installed
Result: WARN
Found the following significant warnings:
progress.c:98:11: warning: too many arguments for format [-Wformat-extra-args]
handle.c:115:20: warning: field precision specifier ‘.*’ expects argument of type ‘int’, but argument 3 has type ‘size_t’ {aka ‘long unsigned int’} [-Wformat=]
utils.c:87:24: warning: format ‘%d’ expects argument of type ‘int’, but argument 2 has type ‘long int’ [-Wformat=]
create-time.c:147:13: warning: too many arguments for format [-Wformat-extra-args]
See ‘/home/hornik/tmp/R.check/r-devel-gcc/Work/PKGS/pak.Rcheck/00install.out’ for details.
* used C compiler: ‘gcc-13 (Debian 13.2.0-7) 13.2.0’
Flavor: r-devel-linux-x86_64-debian-gcc
Version: 0.7.0
Check: whether package can be installed
Result: WARN
Found the following significant warnings:
progress.c:98:37: warning: data argument not used by format string [-Wformat-extra-args]
handle.c:115:20: warning: field precision should have type 'int', but argument has type 'size_t' (aka 'unsigned long') [-Wformat]
utils.c:42:11: warning: format string is not a string literal (potentially insecure) [-Wformat-security]
utils.c:78:11: warning: format string is not a string literal (potentially insecure) [-Wformat-security]
utils.c:87:29: warning: format specifies type 'int' but the argument has type 'long' [-Wformat]
parse.c:38:32: warning: format string is not a string literal (potentially insecure) [-Wformat-security]
push_parser.c:71:14: warning: format string is not a string literal (potentially insecure) [-Wformat-security]
hbio.c:1629:11: warning: format string is not a string literal (potentially insecure) [-Wformat-security]
create-time.c:147:61: warning: data argument not used by format string [-Wformat-extra-args]
See ‘/data/gannet/ripley/R/packages/tests-clang/pak.Rcheck/00install.out’ for details.
* used C compiler: ‘clang version 17.0.5’
Flavor: r-devel-linux-x86_64-fedora-clang
Version: 0.7.0
Check: installed package size
Result: NOTE
installed size is 8.7Mb
sub-directories of 1Mb or more:
library 7.9Mb
Flavors: r-devel-linux-x86_64-fedora-clang, r-devel-windows-x86_64, r-release-macos-arm64, r-release-macos-x86_64, r-release-windows-x86_64, r-oldrel-macos-arm64, r-oldrel-windows-x86_64
Version: 0.7.0
Check: whether package can be installed
Result: WARN
Found the following significant warnings:
progress.c:98:11: warning: too many arguments for format [-Wformat-extra-args]
handle.c:115:20: warning: field precision specifier '.*' expects argument of type 'int', but argument 3 has type 'size_t' {aka 'long unsigned int'} [-Wformat=]
utils.c:87:24: warning: format '%d' expects argument of type 'int', but argument 2 has type 'long int' [-Wformat=]
create-time.c:147:13: warning: too many arguments for format [-Wformat-extra-args]
See ‘/data/gannet/ripley/R/packages/tests-devel/pak.Rcheck/00install.out’ for details.
* used C compiler: ‘gcc-13 (GCC) 13.2.0’
Flavor: r-devel-linux-x86_64-fedora-gcc
Version: 0.7.0
Check: whether package can be installed
Result: WARN
Found the following significant warnings:
errors.c:59:28: warning: format '%d' expects argument of type 'int', but argument 3 has type 'DWORD' {aka 'long unsigned int'} [-Wformat=]
progress.c:98:11: warning: too many arguments for format [-Wformat-extra-args]
handle.c:115:20: warning: field precision specifier '.*' expects argument of type 'int', but argument 3 has type 'size_t' {aka 'long long unsigned int'} [-Wformat=]
utils.c:87:24: warning: format '%d' expects argument of type 'int', but argument 2 has type 'long int' [-Wformat=]
filelock-windows.c:109:15: warning: too many arguments for format [-Wformat-extra-args]
errors.c:89:28: warning: format '%d' expects argument of type 'int', but argument 3 has type 'DWORD' {aka 'long unsigned int'} [-Wformat=]
See 'd:/Rcompile/CRANpkg/local/4.4/pak.Rcheck/00install.out' for details.
* used C compiler: 'gcc.exe (GCC) 12.3.0'
Flavor: r-devel-windows-x86_64
Version: 0.7.0
Check: whether package can be installed
Result: WARN
Found the following significant warnings:
Rd warning: pkg_deps.Rd:40: missing link ‘parse_pkg_refs’
Rd warning: pkg_download.Rd:53: missing link ‘parse_pkg_refs’
See ‘/home/hornik/tmp/R.check/r-patched-gcc/Work/PKGS/pak.Rcheck/00install.out’ for details.
* used C compiler: ‘gcc-13 (Debian 13.2.0-7) 13.2.0’
Flavor: r-patched-linux-x86_64