Last updated on 2023-12-10 18:52:19 CET.
Flavor | Version | Tinstall | Tcheck | Ttotal | Status | Flags |
---|---|---|---|---|---|---|
r-devel-linux-x86_64-debian-clang | 1.2.1 | 10.30 | 243.33 | 253.63 | OK | |
r-devel-linux-x86_64-debian-gcc | 1.2.1 | 11.34 | 174.89 | 186.23 | OK | |
r-devel-linux-x86_64-fedora-clang | 1.2.1 | 322.66 | NOTE | |||
r-devel-linux-x86_64-fedora-gcc | 1.2.1 | 325.46 | NOTE | |||
r-devel-windows-x86_64 | 1.2.1 | 12.00 | 174.00 | 186.00 | OK | |
r-patched-linux-x86_64 | 1.2.1 | 10.51 | 229.80 | 240.31 | OK | |
r-release-linux-x86_64 | 1.2.1 | 8.26 | 228.22 | 236.48 | OK | |
r-release-macos-arm64 | 1.2.1 | 88.00 | OK | |||
r-release-macos-x86_64 | 1.2.1 | 202.00 | OK | |||
r-release-windows-x86_64 | 1.2.1 | 15.00 | 228.00 | 243.00 | OK | |
r-oldrel-macos-arm64 | 1.2.1 | 82.00 | OK | |||
r-oldrel-macos-x86_64 | 1.2.1 | 112.00 | OK | |||
r-oldrel-windows-x86_64 | 1.2.1 | 16.00 | 217.00 | 233.00 | OK |
Version: 1.2.1
Check: data for non-ASCII characters
Result: NOTE
Note: found 314 marked UTF-8 strings
Flavors: r-devel-linux-x86_64-fedora-clang, r-devel-linux-x86_64-fedora-gcc