Last updated on 2023-11-29 18:48:55 CET.
Flavor | Version | Tinstall | Tcheck | Ttotal | Status | Flags |
---|---|---|---|---|---|---|
r-devel-linux-x86_64-debian-clang | 1.5.0 | 5.97 | 54.60 | 60.57 | OK | |
r-devel-linux-x86_64-debian-gcc | 1.5.0 | 4.87 | 41.07 | 45.94 | OK | |
r-devel-linux-x86_64-fedora-clang | 1.5.0 | 73.95 | OK | |||
r-devel-linux-x86_64-fedora-gcc | 1.5.0 | 69.80 | OK | |||
r-devel-windows-x86_64 | 1.5.0 | 6.00 | 65.00 | 71.00 | OK | |
r-patched-linux-x86_64 | 1.5.0 | 6.32 | 51.59 | 57.91 | OK | |
r-release-linux-x86_64 | 1.5.0 | 6.09 | 51.40 | 57.49 | OK | |
r-release-macos-arm64 | 1.5.0 | 25.00 | NOTE | |||
r-release-macos-x86_64 | 1.5.0 | 41.00 | OK | |||
r-release-windows-x86_64 | 1.5.0 | 9.00 | 79.00 | 88.00 | OK | |
r-oldrel-macos-arm64 | 1.5.0 | 29.00 | OK | |||
r-oldrel-macos-x86_64 | 1.5.0 | 38.00 | OK | |||
r-oldrel-windows-x86_64 | 1.5.0 | 8.00 | 74.00 | 82.00 | OK |
Version: 1.5.0
Check: package dependencies
Result: NOTE
Package suggested but not available for checking: ‘ggplot2’
Flavor: r-release-macos-arm64