CRAN Package Check Results for Package papci

Last updated on 2023-11-30 18:49:38 CET.

Flavor Version Tinstall Tcheck Ttotal Status Flags
r-devel-linux-x86_64-debian-clang 0.1.0 8.69 72.62 81.31 NOTE
r-devel-linux-x86_64-debian-gcc 0.1.0 6.77 52.40 59.17 NOTE
r-devel-linux-x86_64-fedora-clang 0.1.0 96.50 NOTE
r-devel-linux-x86_64-fedora-gcc 0.1.0 91.17 NOTE
r-devel-windows-x86_64 0.1.0 9.00 69.00 78.00 OK
r-patched-linux-x86_64 0.1.0 16.62 66.19 82.81 OK
r-release-linux-x86_64 0.1.0 5.81 65.88 71.69 OK
r-release-macos-arm64 0.1.0 31.00 OK
r-release-macos-x86_64 0.1.0 45.00 OK
r-release-windows-x86_64 0.1.0 13.00 81.00 94.00 OK
r-oldrel-macos-arm64 0.1.0 45.00 NOTE
r-oldrel-macos-x86_64 0.1.0 86.00 NOTE
r-oldrel-windows-x86_64 0.1.0 12.00 87.00 99.00 OK

Check Details

Version: 0.1.0
Check: Rd files
Result: NOTE checkRd: (-1) agreement.Rd:52: Lost braces in \itemize; meant \describe ? checkRd: (-1) agreement.Rd:53-54: Lost braces in \itemize; meant \describe ? checkRd: (-1) agreement.Rd:55: Lost braces in \itemize; meant \describe ? checkRd: (-1) agreement.Rd:56: Lost braces in \itemize; meant \describe ? checkRd: (-1) agreement.Rd:57: Lost braces in \itemize; meant \describe ? checkRd: (-1) agreement.Rd:58: Lost braces in \itemize; meant \describe ? checkRd: (-1) papciUI.Rd:33: Lost braces in \itemize; meant \describe ? checkRd: (-1) papciUI.Rd:34-35: Lost braces in \itemize; meant \describe ? checkRd: (-1) papciUI.Rd:36: Lost braces in \itemize; meant \describe ? checkRd: (-1) papciUI.Rd:37: Lost braces in \itemize; meant \describe ? checkRd: (-1) papciUI.Rd:38: Lost braces in \itemize; meant \describe ? checkRd: (-1) papciUI.Rd:39: Lost braces in \itemize; meant \describe ? Flavors: r-devel-linux-x86_64-debian-clang, r-devel-linux-x86_64-debian-gcc

Version: 0.1.0
Check: dependencies in R code
Result: NOTE Namespace in Imports field not imported from: ‘DT’ All declared Imports should be used. Flavors: r-devel-linux-x86_64-fedora-clang, r-devel-linux-x86_64-fedora-gcc, r-oldrel-macos-arm64, r-oldrel-macos-x86_64