CRAN Package Check Results for Package parallelMap

Last updated on 2024-02-22 18:50:33 CET.

Flavor Version Tinstall Tcheck Ttotal Status Flags
r-devel-linux-x86_64-debian-clang 1.5.1 OK
r-devel-linux-x86_64-debian-gcc 1.5.1 3.01 48.43 51.44 OK
r-devel-linux-x86_64-fedora-clang 1.5.1 80.00 OK
r-devel-linux-x86_64-fedora-gcc 1.5.1 77.67 OK
r-devel-windows-x86_64 1.5.1 4.00 74.00 78.00 OK
r-patched-linux-x86_64 1.5.1 4.28 60.45 64.73 OK
r-release-linux-x86_64 1.5.1 3.39 60.19 63.58 OK
r-release-macos-arm64 1.5.1 33.00 NOTE
r-release-macos-x86_64 1.5.1 49.00 NOTE
r-release-windows-x86_64 1.5.1 4.00 89.00 93.00 OK
r-oldrel-macos-arm64 1.5.1 33.00 NOTE
r-oldrel-windows-x86_64 1.5.1 6.00 88.00 94.00 OK

Check Details

Version: 1.5.1
Check: package dependencies
Result: NOTE Package suggested but not available for checking: ‘Rmpi’ Flavors: r-release-macos-arm64, r-release-macos-x86_64, r-oldrel-macos-arm64