CRAN Package Check Results for Package parcats

Last updated on 2024-06-12 20:59:07 CEST.

Flavor Version Tinstall Tcheck Ttotal Status Flags
r-devel-linux-x86_64-debian-clang 0.0.5 18.96 161.05 180.01 OK
r-devel-linux-x86_64-debian-gcc 0.0.5 0.79 1.57 2.36 ERROR
r-devel-linux-x86_64-fedora-clang 0.0.5 215.84 OK
r-devel-linux-x86_64-fedora-gcc 0.0.5 201.65 OK
r-devel-windows-x86_64 0.0.5 14.00 117.00 131.00 OK
r-patched-linux-x86_64 0.0.5 15.46 153.85 169.31 OK
r-release-linux-x86_64 0.0.5 10.27 151.60 161.87 OK
r-release-macos-arm64 0.0.5 55.00 OK
r-release-macos-x86_64 0.0.5 83.00 OK
r-release-windows-x86_64 0.0.5 14.00 119.00 133.00 OK
r-oldrel-macos-arm64 0.0.5 76.00 OK
r-oldrel-macos-x86_64 0.0.5 123.00 OK
r-oldrel-windows-x86_64 0.0.5 19.00 151.00 170.00 OK

Check Details

Version: 0.0.5
Check: package dependencies
Result: ERROR Packages required but not available: 'easyalluvial', 'tidyr', 'dplyr', 'purrr', 'forcats', 'tibble', 'stringr' Packages suggested but not available for checking: 'testthat', 'plotly' See section ‘The DESCRIPTION file’ in the ‘Writing R Extensions’ manual. Flavor: r-devel-linux-x86_64-debian-gcc