CRAN Package Check Results for Package partitions

Last updated on 2024-02-22 18:50:33 CET.

Flavor Version Tinstall Tcheck Ttotal Status Flags
r-devel-linux-x86_64-debian-clang 1.10-7 OK
r-devel-linux-x86_64-debian-gcc 1.10-7 4.78 47.80 52.58 OK
r-devel-linux-x86_64-fedora-clang 1.10-7 86.62 OK
r-devel-linux-x86_64-fedora-gcc 1.10-7 94.39 OK
r-devel-windows-x86_64 1.10-7 10.00 140.00 150.00 OK
r-patched-linux-x86_64 1.10-7 6.58 60.34 66.92 OK
r-release-linux-x86_64 1.10-7 6.11 58.90 65.01 OK
r-release-macos-arm64 1.10-7 43.00 OK
r-release-macos-x86_64 1.10-7 55.00 NOTE
r-release-windows-x86_64 1.10-7 11.00 136.00 147.00 OK
r-oldrel-macos-arm64 1.10-7 42.00 OK
r-oldrel-windows-x86_64 1.10-7 12.00 135.00 147.00 OK

Check Details

Version: 1.10-7
Check: re-building of vignette outputs
Result: NOTE Error(s) in re-building vignettes: --- re-building ‘partitionspaper.Rnw’ using Sweave Loading required package: partitions Error: processing vignette 'partitionspaper.Rnw' failed with diagnostics: Running 'texi2dvi' on 'partitionspaper.tex' failed. LaTeX errors: ! LaTeX Error: File `dsfont.sty' not found. Type X to quit or <RETURN> to proceed, or enter new name. (Default extension: sty) ! Emergency stop. <read *> l.4 \usepackage {bbm}^^M ! ==> Fatal error occurred, no output PDF file produced! --- failed re-building ‘partitionspaper.Rnw’ --- re-building ‘scrabble.Rnw’ using Sweave Error: processing vignette 'scrabble.Rnw' failed with diagnostics: Running 'texi2dvi' on 'scrabble.tex' failed. LaTeX errors: ! LaTeX Error: File `dsfont.sty' not found. Type X to quit or <RETURN> to proceed, or enter new name. (Default extension: sty) ! Emergency stop. <read *> l.4 \usepackage {bbm}^^M ! ==> Fatal error occurred, no output PDF file produced! --- failed re-building ‘scrabble.Rnw’ --- re-building ‘setpartitions.Rnw’ using Sweave Loading required package: partitions Error: processing vignette 'setpartitions.Rnw' failed with diagnostics: Running 'texi2dvi' on 'setpartitions.tex' failed. LaTeX errors: ! LaTeX Error: File `dsfont.sty' not found. Type X to quit or <RETURN> to proceed, or enter new name. (Default extension: sty) ! Emergency stop. <read *> l.4 \usepackage {bbm}^^M ! ==> Fatal error occurred, no output PDF file produced! --- failed re-building ‘setpartitions.Rnw’ SUMMARY: processing the following files failed: ‘partitionspaper.Rnw’ ‘scrabble.Rnw’ ‘setpartitions.Rnw’ Error: Vignette re-building failed. Execution halted Flavor: r-release-macos-x86_64