Last updated on 2023-11-28 18:49:27 CET.
Flavor | Version | Tinstall | Tcheck | Ttotal | Status | Flags |
---|---|---|---|---|---|---|
r-devel-linux-x86_64-debian-clang | 1.0.0 | 59.72 | 100.53 | 160.25 | NOTE | |
r-devel-linux-x86_64-debian-gcc | 1.0.0 | 42.83 | 74.45 | 117.28 | NOTE | |
r-devel-linux-x86_64-fedora-clang | 1.0.0 | 235.10 | NOTE | |||
r-devel-linux-x86_64-fedora-gcc | 1.0.0 | 398.28 | NOTE | |||
r-devel-windows-x86_64 | 1.0.0 | 58.00 | 112.00 | 170.00 | NOTE | |
r-patched-linux-x86_64 | 1.0.0 | 53.27 | 93.94 | 147.21 | NOTE | |
r-release-linux-x86_64 | 1.0.0 | 57.30 | 94.62 | 151.92 | NOTE | |
r-release-macos-arm64 | 1.0.0 | 116.00 | NOTE | |||
r-release-macos-x86_64 | 1.0.0 | 177.00 | NOTE | |||
r-release-windows-x86_64 | 1.0.0 | 75.00 | 139.00 | 214.00 | NOTE | |
r-oldrel-macos-arm64 | 1.0.0 | 106.00 | NOTE | |||
r-oldrel-macos-x86_64 | 1.0.0 | 205.00 | NOTE | |||
r-oldrel-windows-x86_64 | 1.0.0 | 68.00 | 136.00 | 204.00 | NOTE |
Version: 1.0.0
Check: C++ specification
Result: NOTE
Specified C++11: please drop specification unless essential
Flavors: r-devel-linux-x86_64-debian-clang, r-devel-linux-x86_64-debian-gcc, r-devel-linux-x86_64-fedora-clang, r-devel-linux-x86_64-fedora-gcc, r-devel-windows-x86_64, r-patched-linux-x86_64, r-release-linux-x86_64, r-release-macos-arm64, r-release-macos-x86_64, r-release-windows-x86_64
Version: 1.0.0
Check: for GNU extensions in Makefiles
Result: NOTE
GNU make is a SystemRequirements.
Flavors: r-devel-linux-x86_64-debian-clang, r-devel-linux-x86_64-debian-gcc, r-devel-linux-x86_64-fedora-clang, r-devel-linux-x86_64-fedora-gcc, r-devel-windows-x86_64, r-patched-linux-x86_64, r-release-linux-x86_64, r-release-macos-arm64, r-release-macos-x86_64, r-release-windows-x86_64, r-oldrel-macos-arm64, r-oldrel-macos-x86_64, r-oldrel-windows-x86_64