Last updated on 2023-11-29 18:48:55 CET.
Flavor | Version | Tinstall | Tcheck | Ttotal | Status | Flags |
---|---|---|---|---|---|---|
r-devel-linux-x86_64-debian-clang | 0.4.0 | 83.61 | 238.84 | 322.45 | NOTE | |
r-devel-linux-x86_64-debian-gcc | 0.4.0 | 70.51 | 180.81 | 251.32 | NOTE | |
r-devel-linux-x86_64-fedora-clang | 0.4.0 | 421.04 | OK | |||
r-devel-linux-x86_64-fedora-gcc | 0.4.0 | 391.63 | OK | |||
r-devel-windows-x86_64 | 0.4.0 | 70.00 | 298.00 | 368.00 | OK | |
r-patched-linux-x86_64 | 0.4.0 | 105.15 | 233.16 | 338.31 | OK | |
r-release-linux-x86_64 | 0.4.0 | 82.38 | 227.26 | 309.64 | OK | |
r-release-macos-arm64 | 0.4.0 | 112.00 | OK | |||
r-release-macos-x86_64 | 0.4.0 | 220.00 | OK | |||
r-release-windows-x86_64 | 0.4.0 | 103.00 | 332.00 | 435.00 | OK | |
r-oldrel-macos-arm64 | 0.4.0 | 85.00 | OK | |||
r-oldrel-macos-x86_64 | 0.4.0 | 108.00 | OK | |||
r-oldrel-windows-x86_64 | 0.4.0 | 105.00 | 143.00 | 248.00 | OK |
Version: 0.4.0
Check: Rd files
Result: NOTE
checkRd: (-1) dax.Rd:14: Lost braces in \itemize; meant \describe ?
checkRd: (-1) dax.Rd:15: Lost braces in \itemize; meant \describe ?
checkRd: (-1) dax.Rd:16: Lost braces in \itemize; meant \describe ?
checkRd: (-1) dax.Rd:18: Lost braces in \itemize; meant \describe ?
checkRd: (-1) dax.Rd:19: Lost braces in \itemize; meant \describe ?
checkRd: (-1) dax.Rd:20: Lost braces in \itemize; meant \describe ?
checkRd: (-1) dax.Rd:21: Lost braces in \itemize; meant \describe ?
checkRd: (-1) dax.Rd:23: Lost braces in \itemize; meant \describe ?
checkRd: (-1) dax.Rd:24: Lost braces in \itemize; meant \describe ?
checkRd: (-1) dax.Rd:25: Lost braces in \itemize; meant \describe ?
checkRd: (-1) dax.Rd:26: Lost braces in \itemize; meant \describe ?
checkRd: (-1) dax.Rd:32: Lost braces in \itemize; meant \describe ?
checkRd: (-1) dax.Rd:33: Lost braces in \itemize; meant \describe ?
checkRd: (-1) dax.Rd:34: Lost braces in \itemize; meant \describe ?
checkRd: (-1) dax.Rd:36: Lost braces in \itemize; meant \describe ?
checkRd: (-1) dax.Rd:37: Lost braces in \itemize; meant \describe ?
checkRd: (-1) docdb.Rd:14: Lost braces in \itemize; meant \describe ?
checkRd: (-1) docdb.Rd:15: Lost braces in \itemize; meant \describe ?
checkRd: (-1) docdb.Rd:16: Lost braces in \itemize; meant \describe ?
checkRd: (-1) docdb.Rd:18: Lost braces in \itemize; meant \describe ?
checkRd: (-1) docdb.Rd:19: Lost braces in \itemize; meant \describe ?
checkRd: (-1) docdb.Rd:20: Lost braces in \itemize; meant \describe ?
checkRd: (-1) docdb.Rd:21: Lost braces in \itemize; meant \describe ?
checkRd: (-1) docdb.Rd:23: Lost braces in \itemize; meant \describe ?
checkRd: (-1) docdb.Rd:24: Lost braces in \itemize; meant \describe ?
checkRd: (-1) docdb.Rd:25: Lost braces in \itemize; meant \describe ?
checkRd: (-1) docdb.Rd:26: Lost braces in \itemize; meant \describe ?
checkRd: (-1) docdb.Rd:32: Lost braces in \itemize; meant \describe ?
checkRd: (-1) docdb.Rd:33: Lost braces in \itemize; meant \describe ?
checkRd: (-1) docdb.Rd:34: Lost braces in \itemize; meant \describe ?
checkRd: (-1) docdb.Rd:36: Lost braces in \itemize; meant \describe ?
checkRd: (-1) docdb.Rd:37: Lost braces in \itemize; meant \describe ?
checkRd: (-1) dynamodb.Rd:14: Lost braces in \itemize; meant \describe ?
checkRd: (-1) dynamodb.Rd:15: Lost braces in \itemize; meant \describe ?
checkRd: (-1) dynamodb.Rd:16: Lost braces in \itemize; meant \describe ?
checkRd: (-1) dynamodb.Rd:18: Lost braces in \itemize; meant \describe ?
checkRd: (-1) dynamodb.Rd:19: Lost braces in \itemize; meant \describe ?
checkRd: (-1) dynamodb.Rd:20: Lost braces in \itemize; meant \describe ?
checkRd: (-1) dynamodb.Rd:21: Lost braces in \itemize; meant \describe ?
checkRd: (-1) dynamodb.Rd:23: Lost braces in \itemize; meant \describe ?
checkRd: (-1) dynamodb.Rd:24: Lost braces in \itemize; meant \describe ?
checkRd: (-1) dynamodb.Rd:25: Lost braces in \itemize; meant \describe ?
checkRd: (-1) dynamodb.Rd:26: Lost braces in \itemize; meant \describe ?
checkRd: (-1) dynamodb.Rd:32: Lost braces in \itemize; meant \describe ?
checkRd: (-1) dynamodb.Rd:33: Lost braces in \itemize; meant \describe ?
checkRd: (-1) dynamodb.Rd:34: Lost braces in \itemize; meant \describe ?
checkRd: (-1) dynamodb.Rd:36: Lost braces in \itemize; meant \describe ?
checkRd: (-1) dynamodb.Rd:37: Lost braces in \itemize; meant \describe ?
checkRd: (-1) dynamodbstreams.Rd:19: Lost braces in \itemize; meant \describe ?
checkRd: (-1) dynamodbstreams.Rd:20: Lost braces in \itemize; meant \describe ?
checkRd: (-1) dynamodbstreams.Rd:21: Lost braces in \itemize; meant \describe ?
checkRd: (-1) dynamodbstreams.Rd:23: Lost braces in \itemize; meant \describe ?
checkRd: (-1) dynamodbstreams.Rd:24: Lost braces in \itemize; meant \describe ?
checkRd: (-1) dynamodbstreams.Rd:25: Lost braces in \itemize; meant \describe ?
checkRd: (-1) dynamodbstreams.Rd:26: Lost braces in \itemize; meant \describe ?
checkRd: (-1) dynamodbstreams.Rd:28: Lost braces in \itemize; meant \describe ?
checkRd: (-1) dynamodbstreams.Rd:29: Lost braces in \itemize; meant \describe ?
checkRd: (-1) dynamodbstreams.Rd:30: Lost braces in \itemize; meant \describe ?
checkRd: (-1) dynamodbstreams.Rd:31: Lost braces in \itemize; meant \describe ?
checkRd: (-1) dynamodbstreams.Rd:37: Lost braces in \itemize; meant \describe ?
checkRd: (-1) dynamodbstreams.Rd:38: Lost braces in \itemize; meant \describe ?
checkRd: (-1) dynamodbstreams.Rd:39: Lost braces in \itemize; meant \describe ?
checkRd: (-1) dynamodbstreams.Rd:41: Lost braces in \itemize; meant \describe ?
checkRd: (-1) dynamodbstreams.Rd:42: Lost braces in \itemize; meant \describe ?
checkRd: (-1) elasticache.Rd:19: Lost braces in \itemize; meant \describe ?
checkRd: (-1) elasticache.Rd:20: Lost braces in \itemize; meant \describe ?
checkRd: (-1) elasticache.Rd:21: Lost braces in \itemize; meant \describe ?
checkRd: (-1) elasticache.Rd:23: Lost braces in \itemize; meant \describe ?
checkRd: (-1) elasticache.Rd:24: Lost braces in \itemize; meant \describe ?
checkRd: (-1) elasticache.Rd:25: Lost braces in \itemize; meant \describe ?
checkRd: (-1) elasticache.Rd:26: Lost braces in \itemize; meant \describe ?
checkRd: (-1) elasticache.Rd:28: Lost braces in \itemize; meant \describe ?
checkRd: (-1) elasticache.Rd:29: Lost braces in \itemize; meant \describe ?
checkRd: (-1) elasticache.Rd:30: Lost braces in \itemize; meant \describe ?
checkRd: (-1) elasticache.Rd:31: Lost braces in \itemize; meant \describe ?
checkRd: (-1) elasticache.Rd:37: Lost braces in \itemize; meant \describe ?
checkRd: (-1) elasticache.Rd:38: Lost braces in \itemize; meant \describe ?
checkRd: (-1) elasticache.Rd:39: Lost braces in \itemize; meant \describe ?
checkRd: (-1) elasticache.Rd:41: Lost braces in \itemize; meant \describe ?
checkRd: (-1) elasticache.Rd:42: Lost braces in \itemize; meant \describe ?
checkRd: (-1) keyspaces.Rd:19: Lost braces in \itemize; meant \describe ?
checkRd: (-1) keyspaces.Rd:20: Lost braces in \itemize; meant \describe ?
checkRd: (-1) keyspaces.Rd:21: Lost braces in \itemize; meant \describe ?
checkRd: (-1) keyspaces.Rd:23: Lost braces in \itemize; meant \describe ?
checkRd: (-1) keyspaces.Rd:24: Lost braces in \itemize; meant \describe ?
checkRd: (-1) keyspaces.Rd:25: Lost braces in \itemize; meant \describe ?
checkRd: (-1) keyspaces.Rd:26: Lost braces in \itemize; meant \describe ?
checkRd: (-1) keyspaces.Rd:28: Lost braces in \itemize; meant \describe ?
checkRd: (-1) keyspaces.Rd:29: Lost braces in \itemize; meant \describe ?
checkRd: (-1) keyspaces.Rd:30: Lost braces in \itemize; meant \describe ?
checkRd: (-1) keyspaces.Rd:31: Lost braces in \itemize; meant \describe ?
checkRd: (-1) keyspaces.Rd:37: Lost braces in \itemize; meant \describe ?
checkRd: (-1) keyspaces.Rd:38: Lost braces in \itemize; meant \describe ?
checkRd: (-1) keyspaces.Rd:39: Lost braces in \itemize; meant \describe ?
checkRd: (-1) keyspaces.Rd:41: Lost braces in \itemize; meant \describe ?
checkRd: (-1) keyspaces.Rd:42: Lost braces in \itemize; meant \describe ?
checkRd: (-1) lakeformation.Rd:19: Lost braces in \itemize; meant \describe ?
checkRd: (-1) lakeformation.Rd:20: Lost braces in \itemize; meant \describe ?
checkRd: (-1) lakeformation.Rd:21: Lost braces in \itemize; meant \describe ?
checkRd: (-1) lakeformation.Rd:23: Lost braces in \itemize; meant \describe ?
checkRd: (-1) lakeformation.Rd:24: Lost braces in \itemize; meant \describe ?
checkRd: (-1) lakeformation.Rd:25: Lost braces in \itemize; meant \describe ?
checkRd: (-1) lakeformation.Rd:26: Lost braces in \itemize; meant \describe ?
checkRd: (-1) lakeformation.Rd:28: Lost braces in \itemize; meant \describe ?
checkRd: (-1) lakeformation.Rd:29: Lost braces in \itemize; meant \describe ?
checkRd: (-1) lakeformation.Rd:30: Lost braces in \itemize; meant \describe ?
checkRd: (-1) lakeformation.Rd:31: Lost braces in \itemize; meant \describe ?
checkRd: (-1) lakeformation.Rd:37: Lost braces in \itemize; meant \describe ?
checkRd: (-1) lakeformation.Rd:38: Lost braces in \itemize; meant \describe ?
checkRd: (-1) lakeformation.Rd:39: Lost braces in \itemize; meant \describe ?
checkRd: (-1) lakeformation.Rd:41: Lost braces in \itemize; meant \describe ?
checkRd: (-1) lakeformation.Rd:42: Lost braces in \itemize; meant \describe ?
checkRd: (-1) memorydb.Rd:14: Lost braces in \itemize; meant \describe ?
checkRd: (-1) memorydb.Rd:15: Lost braces in \itemize; meant \describe ?
checkRd: (-1) memorydb.Rd:16: Lost braces in \itemize; meant \describe ?
checkRd: (-1) memorydb.Rd:18: Lost braces in \itemize; meant \describe ?
checkRd: (-1) memorydb.Rd:19: Lost braces in \itemize; meant \describe ?
checkRd: (-1) memorydb.Rd:20: Lost braces in \itemize; meant \describe ?
checkRd: (-1) memorydb.Rd:21: Lost braces in \itemize; meant \describe ?
checkRd: (-1) memorydb.Rd:23: Lost braces in \itemize; meant \describe ?
checkRd: (-1) memorydb.Rd:24: Lost braces in \itemize; meant \describe ?
checkRd: (-1) memorydb.Rd:25: Lost braces in \itemize; meant \describe ?
checkRd: (-1) memorydb.Rd:26: Lost braces in \itemize; meant \describe ?
checkRd: (-1) memorydb.Rd:32: Lost braces in \itemize; meant \describe ?
checkRd: (-1) memorydb.Rd:33: Lost braces in \itemize; meant \describe ?
checkRd: (-1) memorydb.Rd:34: Lost braces in \itemize; meant \describe ?
checkRd: (-1) memorydb.Rd:36: Lost braces in \itemize; meant \describe ?
checkRd: (-1) memorydb.Rd:37: Lost braces in \itemize; meant \describe ?
checkRd: (-1) neptune.Rd:14: Lost braces in \itemize; meant \describe ?
checkRd: (-1) neptune.Rd:15: Lost braces in \itemize; meant \describe ?
checkRd: (-1) neptune.Rd:16: Lost braces in \itemize; meant \describe ?
checkRd: (-1) neptune.Rd:18: Lost braces in \itemize; meant \describe ?
checkRd: (-1) neptune.Rd:19: Lost braces in \itemize; meant \describe ?
checkRd: (-1) neptune.Rd:20: Lost braces in \itemize; meant \describe ?
checkRd: (-1) neptune.Rd:21: Lost braces in \itemize; meant \describe ?
checkRd: (-1) neptune.Rd:23: Lost braces in \itemize; meant \describe ?
checkRd: (-1) neptune.Rd:24: Lost braces in \itemize; meant \describe ?
checkRd: (-1) neptune.Rd:25: Lost braces in \itemize; meant \describe ?
checkRd: (-1) neptune.Rd:26: Lost braces in \itemize; meant \describe ?
checkRd: (-1) neptune.Rd:32: Lost braces in \itemize; meant \describe ?
checkRd: (-1) neptune.Rd:33: Lost braces in \itemize; meant \describe ?
checkRd: (-1) neptune.Rd:34: Lost braces in \itemize; meant \describe ?
checkRd: (-1) neptune.Rd:36: Lost braces in \itemize; meant \describe ?
checkRd: (-1) neptune.Rd:37: Lost braces in \itemize; meant \describe ?
checkRd: (-1) qldb.Rd:14: Lost braces in \itemize; meant \describe ?
checkRd: (-1) qldb.Rd:15: Lost braces in \itemize; meant \describe ?
checkRd: (-1) qldb.Rd:16: Lost braces in \itemize; meant \describe ?
checkRd: (-1) qldb.Rd:18: Lost braces in \itemize; meant \describe ?
checkRd: (-1) qldb.Rd:19: Lost braces in \itemize; meant \describe ?
checkRd: (-1) qldb.Rd:20: Lost braces in \itemize; meant \describe ?
checkRd: (-1) qldb.Rd:21: Lost braces in \itemize; meant \describe ?
checkRd: (-1) qldb.Rd:23: Lost braces in \itemize; meant \describe ?
checkRd: (-1) qldb.Rd:24: Lost braces in \itemize; meant \describe ?
checkRd: (-1) qldb.Rd:25: Lost braces in \itemize; meant \describe ?
checkRd: (-1) qldb.Rd:26: Lost braces in \itemize; meant \describe ?
checkRd: (-1) qldb.Rd:32: Lost braces in \itemize; meant \describe ?
checkRd: (-1) qldb.Rd:33: Lost braces in \itemize; meant \describe ?
checkRd: (-1) qldb.Rd:34: Lost braces in \itemize; meant \describe ?
checkRd: (-1) qldb.Rd:36: Lost braces in \itemize; meant \describe ?
checkRd: (-1) qldb.Rd:37: Lost braces in \itemize; meant \describe ?
checkRd: (-1) qldbsession.Rd:19: Lost braces in \itemize; meant \describe ?
checkRd: (-1) qldbsession.Rd:20: Lost braces in \itemize; meant \describe ?
checkRd: (-1) qldbsession.Rd:21: Lost braces in \itemize; meant \describe ?
checkRd: (-1) qldbsession.Rd:23: Lost braces in \itemize; meant \describe ?
checkRd: (-1) qldbsession.Rd:24: Lost braces in \itemize; meant \describe ?
checkRd: (-1) qldbsession.Rd:25: Lost braces in \itemize; meant \describe ?
checkRd: (-1) qldbsession.Rd:26: Lost braces in \itemize; meant \describe ?
checkRd: (-1) qldbsession.Rd:28: Lost braces in \itemize; meant \describe ?
checkRd: (-1) qldbsession.Rd:29: Lost braces in \itemize; meant \describe ?
checkRd: (-1) qldbsession.Rd:30: Lost braces in \itemize; meant \describe ?
checkRd: (-1) qldbsession.Rd:31: Lost braces in \itemize; meant \describe ?
checkRd: (-1) qldbsession.Rd:37: Lost braces in \itemize; meant \describe ?
checkRd: (-1) qldbsession.Rd:38: Lost braces in \itemize; meant \describe ?
checkRd: (-1) qldbsession.Rd:39: Lost braces in \itemize; meant \describe ?
checkRd: (-1) qldbsession.Rd:41: Lost braces in \itemize; meant \describe ?
checkRd: (-1) qldbsession.Rd:42: Lost braces in \itemize; meant \describe ?
checkRd: (-1) rds.Rd:14: Lost braces in \itemize; meant \describe ?
checkRd: (-1) rds.Rd:15: Lost braces in \itemize; meant \describe ?
checkRd: (-1) rds.Rd:16: Lost braces in \itemize; meant \describe ?
checkRd: (-1) rds.Rd:18: Lost braces in \itemize; meant \describe ?
checkRd: (-1) rds.Rd:19: Lost braces in \itemize; meant \describe ?
checkRd: (-1) rds.Rd:20: Lost braces in \itemize; meant \describe ?
checkRd: (-1) rds.Rd:21: Lost braces in \itemize; meant \describe ?
checkRd: (-1) rds.Rd:23: Lost braces in \itemize; meant \describe ?
checkRd: (-1) rds.Rd:24: Lost braces in \itemize; meant \describe ?
checkRd: (-1) rds.Rd:25: Lost braces in \itemize; meant \describe ?
checkRd: (-1) rds.Rd:26: Lost braces in \itemize; meant \describe ?
checkRd: (-1) rds.Rd:32: Lost braces in \itemize; meant \describe ?
checkRd: (-1) rds.Rd:33: Lost braces in \itemize; meant \describe ?
checkRd: (-1) rds.Rd:34: Lost braces in \itemize; meant \describe ?
checkRd: (-1) rds.Rd:36: Lost braces in \itemize; meant \describe ?
checkRd: (-1) rds.Rd:37: Lost braces in \itemize; meant \describe ?
checkRd: (-1) rdsdataservice.Rd:19: Lost braces in \itemize; meant \describe ?
checkRd: (-1) rdsdataservice.Rd:20: Lost braces in \itemize; meant \describe ?
checkRd: (-1) rdsdataservice.Rd:21: Lost braces in \itemize; meant \describe ?
checkRd: (-1) rdsdataservice.Rd:23: Lost braces in \itemize; meant \describe ?
checkRd: (-1) rdsdataservice.Rd:24: Lost braces in \itemize; meant \describe ?
checkRd: (-1) rdsdataservice.Rd:25: Lost braces in \itemize; meant \describe ?
checkRd: (-1) rdsdataservice.Rd:26: Lost braces in \itemize; meant \describe ?
checkRd: (-1) rdsdataservice.Rd:28: Lost braces in \itemize; meant \describe ?
checkRd: (-1) rdsdataservice.Rd:29: Lost braces in \itemize; meant \describe ?
checkRd: (-1) rdsdataservice.Rd:30: Lost braces in \itemize; meant \describe ?
checkRd: (-1) rdsdataservice.Rd:31: Lost braces in \itemize; meant \describe ?
checkRd: (-1) rdsdataservice.Rd:37: Lost braces in \itemize; meant \describe ?
checkRd: (-1) rdsdataservice.Rd:38: Lost braces in \itemize; meant \describe ?
checkRd: (-1) rdsdataservice.Rd:39: Lost braces in \itemize; meant \describe ?
checkRd: (-1) rdsdataservice.Rd:41: Lost braces in \itemize; meant \describe ?
checkRd: (-1) rdsdataservice.Rd:42: Lost braces in \itemize; meant \describe ?
checkRd: (-1) redshift.Rd:14: Lost braces in \itemize; meant \describe ?
checkRd: (-1) redshift.Rd:15: Lost braces in \itemize; meant \describe ?
checkRd: (-1) redshift.Rd:16: Lost braces in \itemize; meant \describe ?
checkRd: (-1) redshift.Rd:18: Lost braces in \itemize; meant \describe ?
checkRd: (-1) redshift.Rd:19: Lost braces in \itemize; meant \describe ?
checkRd: (-1) redshift.Rd:20: Lost braces in \itemize; meant \describe ?
checkRd: (-1) redshift.Rd:21: Lost braces in \itemize; meant \describe ?
checkRd: (-1) redshift.Rd:23: Lost braces in \itemize; meant \describe ?
checkRd: (-1) redshift.Rd:24: Lost braces in \itemize; meant \describe ?
checkRd: (-1) redshift.Rd:25: Lost braces in \itemize; meant \describe ?
checkRd: (-1) redshift.Rd:26: Lost braces in \itemize; meant \describe ?
checkRd: (-1) redshift.Rd:32: Lost braces in \itemize; meant \describe ?
checkRd: (-1) redshift.Rd:33: Lost braces in \itemize; meant \describe ?
checkRd: (-1) redshift.Rd:34: Lost braces in \itemize; meant \describe ?
checkRd: (-1) redshift.Rd:36: Lost braces in \itemize; meant \describe ?
checkRd: (-1) redshift.Rd:37: Lost braces in \itemize; meant \describe ?
checkRd: (-1) redshiftdataapiservice.Rd:19: Lost braces in \itemize; meant \describe ?
checkRd: (-1) redshiftdataapiservice.Rd:20: Lost braces in \itemize; meant \describe ?
checkRd: (-1) redshiftdataapiservice.Rd:21: Lost braces in \itemize; meant \describe ?
checkRd: (-1) redshiftdataapiservice.Rd:23: Lost braces in \itemize; meant \describe ?
checkRd: (-1) redshiftdataapiservice.Rd:24: Lost braces in \itemize; meant \describe ?
checkRd: (-1) redshiftdataapiservice.Rd:25: Lost braces in \itemize; meant \describe ?
checkRd: (-1) redshiftdataapiservice.Rd:26: Lost braces in \itemize; meant \describe ?
checkRd: (-1) redshiftdataapiservice.Rd:28: Lost braces in \itemize; meant \describe ?
checkRd: (-1) redshiftdataapiservice.Rd:29: Lost braces in \itemize; meant \describe ?
checkRd: (-1) redshiftdataapiservice.Rd:30: Lost braces in \itemize; meant \describe ?
checkRd: (-1) redshiftdataapiservice.Rd:31: Lost braces in \itemize; meant \describe ?
checkRd: (-1) redshiftdataapiservice.Rd:37: Lost braces in \itemize; meant \describe ?
checkRd: (-1) redshiftdataapiservice.Rd:38: Lost braces in \itemize; meant \describe ?
checkRd: (-1) redshiftdataapiservice.Rd:39: Lost braces in \itemize; meant \describe ?
checkRd: (-1) redshiftdataapiservice.Rd:41: Lost braces in \itemize; meant \describe ?
checkRd: (-1) redshiftdataapiservice.Rd:42: Lost braces in \itemize; meant \describe ?
checkRd: (-1) redshiftserverless.Rd:19: Lost braces in \itemize; meant \describe ?
checkRd: (-1) redshiftserverless.Rd:20: Lost braces in \itemize; meant \describe ?
checkRd: (-1) redshiftserverless.Rd:21: Lost braces in \itemize; meant \describe ?
checkRd: (-1) redshiftserverless.Rd:23: Lost braces in \itemize; meant \describe ?
checkRd: (-1) redshiftserverless.Rd:24: Lost braces in \itemize; meant \describe ?
checkRd: (-1) redshiftserverless.Rd:25: Lost braces in \itemize; meant \describe ?
checkRd: (-1) redshiftserverless.Rd:26: Lost braces in \itemize; meant \describe ?
checkRd: (-1) redshiftserverless.Rd:28: Lost braces in \itemize; meant \describe ?
checkRd: (-1) redshiftserverless.Rd:29: Lost braces in \itemize; meant \describe ?
checkRd: (-1) redshiftserverless.Rd:30: Lost braces in \itemize; meant \describe ?
checkRd: (-1) redshiftserverless.Rd:31: Lost braces in \itemize; meant \describe ?
checkRd: (-1) redshiftserverless.Rd:37: Lost braces in \itemize; meant \describe ?
checkRd: (-1) redshiftserverless.Rd:38: Lost braces in \itemize; meant \describe ?
checkRd: (-1) redshiftserverless.Rd:39: Lost braces in \itemize; meant \describe ?
checkRd: (-1) redshiftserverless.Rd:41: Lost braces in \itemize; meant \describe ?
checkRd: (-1) redshiftserverless.Rd:42: Lost braces in \itemize; meant \describe ?
checkRd: (-1) simpledb.Rd:14: Lost braces in \itemize; meant \describe ?
checkRd: (-1) simpledb.Rd:15: Lost braces in \itemize; meant \describe ?
checkRd: (-1) simpledb.Rd:16: Lost braces in \itemize; meant \describe ?
checkRd: (-1) simpledb.Rd:18: Lost braces in \itemize; meant \describe ?
checkRd: (-1) simpledb.Rd:19: Lost braces in \itemize; meant \describe ?
checkRd: (-1) simpledb.Rd:20: Lost braces in \itemize; meant \describe ?
checkRd: (-1) simpledb.Rd:21: Lost braces in \itemize; meant \describe ?
checkRd: (-1) simpledb.Rd:23: Lost braces in \itemize; meant \describe ?
checkRd: (-1) simpledb.Rd:24: Lost braces in \itemize; meant \describe ?
checkRd: (-1) simpledb.Rd:25: Lost braces in \itemize; meant \describe ?
checkRd: (-1) simpledb.Rd:26: Lost braces in \itemize; meant \describe ?
checkRd: (-1) simpledb.Rd:32: Lost braces in \itemize; meant \describe ?
checkRd: (-1) simpledb.Rd:33: Lost braces in \itemize; meant \describe ?
checkRd: (-1) simpledb.Rd:34: Lost braces in \itemize; meant \describe ?
checkRd: (-1) simpledb.Rd:36: Lost braces in \itemize; meant \describe ?
checkRd: (-1) simpledb.Rd:37: Lost braces in \itemize; meant \describe ?
checkRd: (-1) timestreamquery.Rd:19: Lost braces in \itemize; meant \describe ?
checkRd: (-1) timestreamquery.Rd:20: Lost braces in \itemize; meant \describe ?
checkRd: (-1) timestreamquery.Rd:21: Lost braces in \itemize; meant \describe ?
checkRd: (-1) timestreamquery.Rd:23: Lost braces in \itemize; meant \describe ?
checkRd: (-1) timestreamquery.Rd:24: Lost braces in \itemize; meant \describe ?
checkRd: (-1) timestreamquery.Rd:25: Lost braces in \itemize; meant \describe ?
checkRd: (-1) timestreamquery.Rd:26: Lost braces in \itemize; meant \describe ?
checkRd: (-1) timestreamquery.Rd:28: Lost braces in \itemize; meant \describe ?
checkRd: (-1) timestreamquery.Rd:29: Lost braces in \itemize; meant \describe ?
checkRd: (-1) timestreamquery.Rd:30: Lost braces in \itemize; meant \describe ?
checkRd: (-1) timestreamquery.Rd:31: Lost braces in \itemize; meant \describe ?
checkRd: (-1) timestreamquery.Rd:37: Lost braces in \itemize; meant \describe ?
checkRd: (-1) timestreamquery.Rd:38: Lost braces in \itemize; meant \describe ?
checkRd: (-1) timestreamquery.Rd:39: Lost braces in \itemize; meant \describe ?
checkRd: (-1) timestreamquery.Rd:41: Lost braces in \itemize; meant \describe ?
checkRd: (-1) timestreamquery.Rd:42: Lost braces in \itemize; meant \describe ?
checkRd: (-1) timestreamwrite.Rd:19: Lost braces in \itemize; meant \describe ?
checkRd: (-1) timestreamwrite.Rd:20: Lost braces in \itemize; meant \describe ?
checkRd: (-1) timestreamwrite.Rd:21: Lost braces in \itemize; meant \describe ?
checkRd: (-1) timestreamwrite.Rd:23: Lost braces in \itemize; meant \describe ?
checkRd: (-1) timestreamwrite.Rd:24: Lost braces in \itemize; meant \describe ?
checkRd: (-1) timestreamwrite.Rd:25: Lost braces in \itemize; meant \describe ?
checkRd: (-1) timestreamwrite.Rd:26: Lost braces in \itemize; meant \describe ?
checkRd: (-1) timestreamwrite.Rd:28: Lost braces in \itemize; meant \describe ?
checkRd: (-1) timestreamwrite.Rd:29: Lost braces in \itemize; meant \describe ?
checkRd: (-1) timestreamwrite.Rd:30: Lost braces in \itemize; meant \describe ?
checkRd: (-1) timestreamwrite.Rd:31: Lost braces in \itemize; meant \describe ?
checkRd: (-1) timestreamwrite.Rd:37: Lost braces in \itemize; meant \describe ?
checkRd: (-1) timestreamwrite.Rd:38: Lost braces in \itemize; meant \describe ?
checkRd: (-1) timestreamwrite.Rd:39: Lost braces in \itemize; meant \describe ?
checkRd: (-1) timestreamwrite.Rd:41: Lost braces in \itemize; meant \describe ?
checkRd: (-1) timestreamwrite.Rd:42: Lost braces in \itemize; meant \describe ?
Flavors: r-devel-linux-x86_64-debian-clang, r-devel-linux-x86_64-debian-gcc