Last updated on 2023-12-01 18:51:09 CET.
Flavor | Version | Tinstall | Tcheck | Ttotal | Status | Flags |
---|---|---|---|---|---|---|
r-devel-linux-x86_64-debian-clang | 0.6.0 | 2.96 | 19.35 | 22.31 | OK | |
r-devel-linux-x86_64-debian-gcc | 0.6.0 | 1.96 | 15.34 | 17.30 | OK | |
r-devel-linux-x86_64-fedora-clang | 0.6.0 | 28.77 | NOTE | |||
r-devel-linux-x86_64-fedora-gcc | 0.6.0 | 26.42 | NOTE | |||
r-devel-windows-x86_64 | 0.6.0 | 5.00 | 37.00 | 42.00 | OK | |
r-patched-linux-x86_64 | 0.6.0 | 2.77 | 19.44 | 22.21 | OK | |
r-release-linux-x86_64 | 0.6.0 | 2.62 | 19.24 | 21.86 | OK | |
r-release-macos-arm64 | 0.6.0 | 17.00 | OK | |||
r-release-macos-x86_64 | 0.6.0 | 20.00 | OK | |||
r-release-windows-x86_64 | 0.6.0 | 5.00 | 36.00 | 41.00 | OK | |
r-oldrel-macos-arm64 | 0.6.0 | 14.00 | OK | |||
r-oldrel-macos-x86_64 | 0.6.0 | 22.00 | OK | |||
r-oldrel-windows-x86_64 | 0.6.0 | 6.00 | 42.00 | 48.00 | OK |
Version: 0.6.0
Check: compiled code
Result: NOTE
File ‘pbivnorm/libs/pbivnorm.so’:
Found no calls to: ‘R_registerRoutines’, ‘R_useDynamicSymbols’
It is good practice to register native routines and to disable symbol
search.
See ‘Writing portable packages’ in the ‘Writing R Extensions’ manual.
Flavors: r-devel-linux-x86_64-fedora-clang, r-devel-linux-x86_64-fedora-gcc