Last updated on 2023-12-09 18:54:26 CET.
Flavor | Version | Tinstall | Tcheck | Ttotal | Status | Flags |
---|---|---|---|---|---|---|
r-devel-linux-x86_64-debian-clang | 0.9.9 | 2.97 | 48.92 | 51.89 | OK | |
r-devel-linux-x86_64-debian-gcc | 0.9.9 | 2.65 | 38.03 | 40.68 | OK | |
r-devel-linux-x86_64-fedora-clang | 0.9.9 | 66.13 | NOTE | |||
r-devel-linux-x86_64-fedora-gcc | 0.9.9 | 74.35 | NOTE | |||
r-devel-windows-x86_64 | 0.9.9 | 5.00 | 70.00 | 75.00 | OK | |
r-patched-linux-x86_64 | 0.9.9 | 3.23 | 47.71 | 50.94 | OK | |
r-release-linux-x86_64 | 0.9.9 | 2.36 | 46.99 | 49.35 | OK | |
r-release-macos-arm64 | 0.9.9 | 42.00 | OK | |||
r-release-macos-x86_64 | 0.9.9 | 65.00 | OK | |||
r-release-windows-x86_64 | 0.9.9 | 6.00 | 76.00 | 82.00 | OK | |
r-oldrel-macos-arm64 | 0.9.9 | 36.00 | OK | |||
r-oldrel-macos-x86_64 | 0.9.9 | 40.00 | OK | |||
r-oldrel-windows-x86_64 | 0.9.9 | 6.00 | 74.00 | 80.00 | OK |
Version: 0.9.9
Check: data for non-ASCII characters
Result: NOTE
Note: found 11 marked UTF-8 strings
Flavors: r-devel-linux-x86_64-fedora-clang, r-devel-linux-x86_64-fedora-gcc