CRAN Package Check Results for Package pcutils

Last updated on 2024-02-25 18:51:32 CET.

Flavor Version Tinstall Tcheck Ttotal Status Flags
r-devel-linux-x86_64-debian-clang 0.2.1 11.60 105.46 117.06 OK
r-devel-linux-x86_64-debian-gcc 0.2.1 7.37 65.17 72.54 ERROR
r-devel-linux-x86_64-fedora-clang 0.2.1 157.41 NOTE
r-devel-linux-x86_64-fedora-gcc 0.2.1 143.76 ERROR
r-devel-windows-x86_64 0.2.1 10.00 114.00 124.00 OK
r-patched-linux-x86_64 0.2.1 10.37 100.62 110.99 OK
r-release-linux-x86_64 0.2.1 9.69 83.61 93.30 ERROR
r-release-macos-arm64 0.2.1 53.00 NOTE
r-release-macos-x86_64 0.2.1 134.00 NOTE
r-release-windows-x86_64 0.2.1 15.00 138.00 153.00 OK
r-oldrel-macos-arm64 0.2.1 52.00 OK
r-oldrel-windows-x86_64 0.2.1 13.00 126.00 139.00 OK

Check Details

Version: 0.2.1
Check: package dependencies
Result: NOTE Packages suggested but not available for checking: 'ggtern', 'ggtree' Flavors: r-devel-linux-x86_64-debian-gcc, r-devel-linux-x86_64-fedora-gcc, r-release-linux-x86_64

Version: 0.2.1
Check: examples
Result: ERROR Running examples in ‘pcutils-Ex.R’ failed The error most likely occurred in: > base::assign(".ptime", proc.time(), pos = "CheckExEnv") > ### Name: ggheatmap > ### Title: Heatmap by ggplot > ### Aliases: ggheatmap > > ### ** Examples > > data(otutab) > ggheatmap(otutab[1:30, ], + scale = "row", row_annotation = otutab[1:30, 1:2], + col_annotation = metadata[, c(2, 4)] + ) ggtree: this package haven't install, should install? yes/no(y/n)? Error in lib_ps("ggnewscale", "aplot", "reshape2", "ggtree", "ape", library = FALSE) : exit, because 'ggtree' need to install Calls: ggheatmap -> lib_ps Execution halted Flavors: r-devel-linux-x86_64-debian-gcc, r-release-linux-x86_64

Version: 0.2.1
Check: package dependencies
Result: NOTE Package suggested but not available for checking: ‘ggtern’ Flavor: r-devel-linux-x86_64-fedora-clang

Version: 0.2.1
Check: examples
Result: ERROR Running examples in ‘pcutils-Ex.R’ failed The error most likely occurred in: > ### Name: ggheatmap > ### Title: Heatmap by ggplot > ### Aliases: ggheatmap > > ### ** Examples > > data(otutab) > ggheatmap(otutab[1:30, ], + scale = "row", row_annotation = otutab[1:30, 1:2], + col_annotation = metadata[, c(2, 4)] + ) ggtree: this package haven't install, should install? yes/no(y/n)? Error in lib_ps("ggnewscale", "aplot", "reshape2", "ggtree", "ape", library = FALSE) : exit, because 'ggtree' need to install Calls: ggheatmap -> lib_ps Execution halted Flavor: r-devel-linux-x86_64-fedora-gcc

Version: 0.2.1
Check: package dependencies
Result: NOTE Package suggested but not available for checking: ‘biomformat’ Flavors: r-release-macos-arm64, r-release-macos-x86_64