CRAN Package Check Results for Package pell

Last updated on 2024-02-20 18:49:30 CET.

Flavor Version Tinstall Tcheck Ttotal Status Flags
r-devel-linux-x86_64-debian-clang 0.1.0 OK
r-devel-linux-x86_64-debian-gcc 0.1.0 2.13 28.33 30.46 OK
r-devel-linux-x86_64-fedora-clang 0.1.0 49.72 NOTE
r-devel-linux-x86_64-fedora-gcc 0.1.0 60.14 NOTE
r-devel-windows-x86_64 0.1.0 3.00 54.00 57.00 OK
r-patched-linux-x86_64 0.1.0 3.12 35.64 38.76 OK
r-release-linux-x86_64 0.1.0 2.80 35.33 38.13 OK
r-release-macos-arm64 0.1.0 28.00 OK
r-release-macos-x86_64 0.1.0 42.00 OK
r-release-windows-x86_64 0.1.0 3.00 55.00 58.00 OK
r-oldrel-macos-arm64 0.1.0 24.00 OK
r-oldrel-windows-x86_64 0.1.0 5.00 60.00 65.00 OK

Check Details

Version: 0.1.0
Check: data for non-ASCII characters
Result: NOTE Note: found 6 marked UTF-8 strings Flavors: r-devel-linux-x86_64-fedora-clang, r-devel-linux-x86_64-fedora-gcc